{"id":15030,"date":"2021-11-30T22:55:04","date_gmt":"2021-12-01T00:55:04","guid":{"rendered":"https:\/\/museuflorestal.ambiente.sp.gov.br\/acervo\/?post_type=tnc_col_329_item&#038;p=15030"},"modified":"2021-11-30T22:55:07","modified_gmt":"2021-12-01T00:55:07","slug":"pires-de-madeira-com-aplicacao-de-charao-20","status":"publish","type":"tnc_col_329_item","link":"https:\/\/museuflorestal.ambiente.sp.gov.br\/acervo\/museu-florestal-octavio-vecchi\/pires-de-madeira-com-aplicacao-de-charao-20\/","title":{"rendered":"Pires de madeira com aplica\u00e7\u00e3o de char\u00e3o"},"content":{"rendered":"<p>Pires de madeira com aplica\u00e7\u00e3o de char\u00e3o. A parte superior \u00e9 lisa e na cor preta. Na parte posterior, base com acabamento em formato de anel com bordas grossas e depress\u00e3o ao centro. No fundo, etiqueta com a inscri\u00e7\u00e3o &#8220;CH-144&#8221;.<\/p>\n","protected":false},"featured_media":15031,"parent":0,"menu_order":0,"comment_status":"closed","ping_status":"closed","template":"","format":"standard","_links":{"self":[{"href":"https:\/\/museuflorestal.ambiente.sp.gov.br\/acervo\/wp-json\/wp\/v2\/tnc_col_329_item\/15030"}],"collection":[{"href":"https:\/\/museuflorestal.ambiente.sp.gov.br\/acervo\/wp-json\/wp\/v2\/tnc_col_329_item"}],"about":[{"href":"https:\/\/museuflorestal.ambiente.sp.gov.br\/acervo\/wp-json\/wp\/v2\/types\/tnc_col_329_item"}],"replies":[{"embeddable":true,"href":"https:\/\/museuflorestal.ambiente.sp.gov.br\/acervo\/wp-json\/wp\/v2\/comments?post=15030"}],"version-history":[{"count":0,"href":"https:\/\/museuflorestal.ambiente.sp.gov.br\/acervo\/wp-json\/wp\/v2\/tnc_col_329_item\/15030\/revisions"}],"wp:featuredmedia":[{"embeddable":true,"href":"https:\/\/museuflorestal.ambiente.sp.gov.br\/acervo\/wp-json\/wp\/v2\/media\/15031"}],"wp:attachment":[{"href":"https:\/\/museuflorestal.ambiente.sp.gov.br\/acervo\/wp-json\/wp\/v2\/media?parent=15030"}],"curies":[{"name":"wp","href":"https:\/\/api.w.org\/{rel}","templated":true}]}}

Pires de madeira com aplicação de charão

<p>Pires de madeira com aplicação de charão. A parte superior é lisa e na cor preta. Na parte posterior, base com acabamento em formato de anel com bordas grossas e depressão ao centro. No fundo, etiqueta com a inscrição &#8220;CH-144&#8221;.</p>
