{"id":15039,"date":"2021-11-30T22:55:23","date_gmt":"2021-12-01T00:55:23","guid":{"rendered":"https:\/\/museuflorestal.ambiente.sp.gov.br\/acervo\/?post_type=tnc_col_329_item&#038;p=15039"},"modified":"2021-11-30T22:55:26","modified_gmt":"2021-12-01T00:55:26","slug":"pires-de-madeira-com-aplicacao-de-charao-23","status":"publish","type":"tnc_col_329_item","link":"https:\/\/museuflorestal.ambiente.sp.gov.br\/acervo\/museu-florestal-octavio-vecchi\/pires-de-madeira-com-aplicacao-de-charao-23\/","title":{"rendered":"Pires de madeira com aplica\u00e7\u00e3o de char\u00e3o"},"content":{"rendered":"<p>Pires de madeira com base para aplica\u00e7\u00e3o de char\u00e3o. Possui a parte superior lisa. Na parte posterior, base com acabamento em forma de anel com bordas grossas e depress\u00e3o ao centro. No fundo, etiqueta com a inscri\u00e7\u00e3o &#8220;CH-147&#8221;.<\/p>\n","protected":false},"featured_media":15040,"parent":0,"menu_order":0,"comment_status":"closed","ping_status":"closed","template":"","format":"standard","_links":{"self":[{"href":"https:\/\/museuflorestal.ambiente.sp.gov.br\/acervo\/wp-json\/wp\/v2\/tnc_col_329_item\/15039"}],"collection":[{"href":"https:\/\/museuflorestal.ambiente.sp.gov.br\/acervo\/wp-json\/wp\/v2\/tnc_col_329_item"}],"about":[{"href":"https:\/\/museuflorestal.ambiente.sp.gov.br\/acervo\/wp-json\/wp\/v2\/types\/tnc_col_329_item"}],"replies":[{"embeddable":true,"href":"https:\/\/museuflorestal.ambiente.sp.gov.br\/acervo\/wp-json\/wp\/v2\/comments?post=15039"}],"version-history":[{"count":0,"href":"https:\/\/museuflorestal.ambiente.sp.gov.br\/acervo\/wp-json\/wp\/v2\/tnc_col_329_item\/15039\/revisions"}],"wp:featuredmedia":[{"embeddable":true,"href":"https:\/\/museuflorestal.ambiente.sp.gov.br\/acervo\/wp-json\/wp\/v2\/media\/15040"}],"wp:attachment":[{"href":"https:\/\/museuflorestal.ambiente.sp.gov.br\/acervo\/wp-json\/wp\/v2\/media?parent=15039"}],"curies":[{"name":"wp","href":"https:\/\/api.w.org\/{rel}","templated":true}]}}

Pires de madeira com aplicação de charão

<p>Pires de madeira com base para aplicação de charão. Possui a parte superior lisa. Na parte posterior, base com acabamento em forma de anel com bordas grossas e depressão ao centro. No fundo, etiqueta com a inscrição &#8220;CH-147&#8221;.</p>
