{"id":15075,"date":"2021-11-30T22:56:27","date_gmt":"2021-12-01T00:56:27","guid":{"rendered":"https:\/\/museuflorestal.ambiente.sp.gov.br\/acervo\/?post_type=tnc_col_329_item&#038;p=15075"},"modified":"2021-11-30T22:56:30","modified_gmt":"2021-12-01T00:56:30","slug":"pires-de-madeira-17","status":"publish","type":"tnc_col_329_item","link":"https:\/\/museuflorestal.ambiente.sp.gov.br\/acervo\/museu-florestal-octavio-vecchi\/pires-de-madeira-17\/","title":{"rendered":"Pires de madeira"},"content":{"rendered":"<p>Pires circular c\u00f4ncavo de madeira com uma depress\u00e3o circular no centro. Base em entalhe em forma de anel e uma etiqueta no centro com a inscri\u00e7\u00e3o &#8220;CH-163&#8221;. Poss\u00edvel ver os an\u00e9is da madeira.<\/p>\n","protected":false},"featured_media":15076,"parent":0,"menu_order":0,"comment_status":"closed","ping_status":"closed","template":"","format":"standard","_links":{"self":[{"href":"https:\/\/museuflorestal.ambiente.sp.gov.br\/acervo\/wp-json\/wp\/v2\/tnc_col_329_item\/15075"}],"collection":[{"href":"https:\/\/museuflorestal.ambiente.sp.gov.br\/acervo\/wp-json\/wp\/v2\/tnc_col_329_item"}],"about":[{"href":"https:\/\/museuflorestal.ambiente.sp.gov.br\/acervo\/wp-json\/wp\/v2\/types\/tnc_col_329_item"}],"replies":[{"embeddable":true,"href":"https:\/\/museuflorestal.ambiente.sp.gov.br\/acervo\/wp-json\/wp\/v2\/comments?post=15075"}],"version-history":[{"count":0,"href":"https:\/\/museuflorestal.ambiente.sp.gov.br\/acervo\/wp-json\/wp\/v2\/tnc_col_329_item\/15075\/revisions"}],"wp:featuredmedia":[{"embeddable":true,"href":"https:\/\/museuflorestal.ambiente.sp.gov.br\/acervo\/wp-json\/wp\/v2\/media\/15076"}],"wp:attachment":[{"href":"https:\/\/museuflorestal.ambiente.sp.gov.br\/acervo\/wp-json\/wp\/v2\/media?parent=15075"}],"curies":[{"name":"wp","href":"https:\/\/api.w.org\/{rel}","templated":true}]}}

<p>Pires circular côncavo de madeira com uma depressão circular no centro. Base em entalhe em forma de anel e uma etiqueta no centro com a inscrição &#8220;CH-163&#8221;. Possível ver os anéis da madeira.</p>
