{"id":15125,"date":"2021-11-30T22:57:56","date_gmt":"2021-12-01T00:57:56","guid":{"rendered":"https:\/\/museuflorestal.ambiente.sp.gov.br\/acervo\/?post_type=tnc_col_329_item&#038;p=15125"},"modified":"2021-11-30T22:57:59","modified_gmt":"2021-12-01T00:57:59","slug":"pires-de-madeira-com-aplicacao-de-charao-32","status":"publish","type":"tnc_col_329_item","link":"https:\/\/museuflorestal.ambiente.sp.gov.br\/acervo\/museu-florestal-octavio-vecchi\/pires-de-madeira-com-aplicacao-de-charao-32\/","title":{"rendered":"Pires de madeira com aplica\u00e7\u00e3o de char\u00e3o"},"content":{"rendered":"<p>Pires circular c\u00f4ncavo de madeira com aplica\u00e7\u00e3o de char\u00e3o em toda a sua extens\u00e3o. Possui base cil\u00edndrica. Na centralidade h\u00e1 uma etiqueta com a inscri\u00e7\u00e3o &#8220;CH-107&#8221; e ao lado, etiqueta redonda azul lisa.<\/p>\n","protected":false},"featured_media":15126,"parent":0,"menu_order":0,"comment_status":"closed","ping_status":"closed","template":"","format":"standard","_links":{"self":[{"href":"https:\/\/museuflorestal.ambiente.sp.gov.br\/acervo\/wp-json\/wp\/v2\/tnc_col_329_item\/15125"}],"collection":[{"href":"https:\/\/museuflorestal.ambiente.sp.gov.br\/acervo\/wp-json\/wp\/v2\/tnc_col_329_item"}],"about":[{"href":"https:\/\/museuflorestal.ambiente.sp.gov.br\/acervo\/wp-json\/wp\/v2\/types\/tnc_col_329_item"}],"replies":[{"embeddable":true,"href":"https:\/\/museuflorestal.ambiente.sp.gov.br\/acervo\/wp-json\/wp\/v2\/comments?post=15125"}],"version-history":[{"count":0,"href":"https:\/\/museuflorestal.ambiente.sp.gov.br\/acervo\/wp-json\/wp\/v2\/tnc_col_329_item\/15125\/revisions"}],"wp:featuredmedia":[{"embeddable":true,"href":"https:\/\/museuflorestal.ambiente.sp.gov.br\/acervo\/wp-json\/wp\/v2\/media\/15126"}],"wp:attachment":[{"href":"https:\/\/museuflorestal.ambiente.sp.gov.br\/acervo\/wp-json\/wp\/v2\/media?parent=15125"}],"curies":[{"name":"wp","href":"https:\/\/api.w.org\/{rel}","templated":true}]}}

Pires de madeira com aplicação de charão

<p>Pires circular côncavo de madeira com aplicação de charão em toda a sua extensão. Possui base cilíndrica. Na centralidade há uma etiqueta com a inscrição &#8220;CH-107&#8221; e ao lado, etiqueta redonda azul lisa.</p>
