{"id":15128,"date":"2021-11-30T22:58:01","date_gmt":"2021-12-01T00:58:01","guid":{"rendered":"https:\/\/museuflorestal.ambiente.sp.gov.br\/acervo\/?post_type=tnc_col_329_item&#038;p=15128"},"modified":"2021-11-30T22:58:04","modified_gmt":"2021-12-01T00:58:04","slug":"pires-de-madeira-com-aplicacao-de-charao-33","status":"publish","type":"tnc_col_329_item","link":"https:\/\/museuflorestal.ambiente.sp.gov.br\/acervo\/museu-florestal-octavio-vecchi\/pires-de-madeira-com-aplicacao-de-charao-33\/","title":{"rendered":"Pires de madeira com aplica\u00e7\u00e3o de char\u00e3o"},"content":{"rendered":"<p>Pires circular c\u00f4ncavo de madeira com aplica\u00e7\u00e3o de char\u00e3o em toda a sua extens\u00e3o. Possui base em relevo em forma de anel. Na centralidade h\u00e1 uma etiqueta com a inscri\u00e7\u00e3o &#8220;CH-101&#8221;.<\/p>\n","protected":false},"featured_media":15129,"parent":0,"menu_order":0,"comment_status":"closed","ping_status":"closed","template":"","format":"standard","_links":{"self":[{"href":"https:\/\/museuflorestal.ambiente.sp.gov.br\/acervo\/wp-json\/wp\/v2\/tnc_col_329_item\/15128"}],"collection":[{"href":"https:\/\/museuflorestal.ambiente.sp.gov.br\/acervo\/wp-json\/wp\/v2\/tnc_col_329_item"}],"about":[{"href":"https:\/\/museuflorestal.ambiente.sp.gov.br\/acervo\/wp-json\/wp\/v2\/types\/tnc_col_329_item"}],"replies":[{"embeddable":true,"href":"https:\/\/museuflorestal.ambiente.sp.gov.br\/acervo\/wp-json\/wp\/v2\/comments?post=15128"}],"version-history":[{"count":0,"href":"https:\/\/museuflorestal.ambiente.sp.gov.br\/acervo\/wp-json\/wp\/v2\/tnc_col_329_item\/15128\/revisions"}],"wp:featuredmedia":[{"embeddable":true,"href":"https:\/\/museuflorestal.ambiente.sp.gov.br\/acervo\/wp-json\/wp\/v2\/media\/15129"}],"wp:attachment":[{"href":"https:\/\/museuflorestal.ambiente.sp.gov.br\/acervo\/wp-json\/wp\/v2\/media?parent=15128"}],"curies":[{"name":"wp","href":"https:\/\/api.w.org\/{rel}","templated":true}]}}

Pires de madeira com aplicação de charão

<p>Pires circular côncavo de madeira com aplicação de charão em toda a sua extensão. Possui base em relevo em forma de anel. Na centralidade há uma etiqueta com a inscrição &#8220;CH-101&#8221;.</p>
