{"id":15145,"date":"2021-11-30T22:58:32","date_gmt":"2021-12-01T00:58:32","guid":{"rendered":"https:\/\/museuflorestal.ambiente.sp.gov.br\/acervo\/?post_type=tnc_col_329_item&#038;p=15145"},"modified":"2021-11-30T22:58:34","modified_gmt":"2021-12-01T00:58:34","slug":"prato-de-madeira-com-aplicacao-de-charao-7","status":"publish","type":"tnc_col_329_item","link":"https:\/\/museuflorestal.ambiente.sp.gov.br\/acervo\/museu-florestal-octavio-vecchi\/prato-de-madeira-com-aplicacao-de-charao-7\/","title":{"rendered":"Prato de madeira com aplica\u00e7\u00e3o de char\u00e3o"},"content":{"rendered":"<p>Prato circular c\u00f4ncavo de madeira com aplica\u00e7\u00e3o de char\u00e3o em toda a sua extens\u00e3o, com a base plana. Na centralidade h\u00e1 o entalhe &#8220;63&#8221; e ao lado do entalhe, a etiqueta com a inscri\u00e7\u00e3o &#8220;CH-129&#8221;.<\/p>\n","protected":false},"featured_media":15146,"parent":0,"menu_order":0,"comment_status":"closed","ping_status":"closed","template":"","format":"standard","_links":{"self":[{"href":"https:\/\/museuflorestal.ambiente.sp.gov.br\/acervo\/wp-json\/wp\/v2\/tnc_col_329_item\/15145"}],"collection":[{"href":"https:\/\/museuflorestal.ambiente.sp.gov.br\/acervo\/wp-json\/wp\/v2\/tnc_col_329_item"}],"about":[{"href":"https:\/\/museuflorestal.ambiente.sp.gov.br\/acervo\/wp-json\/wp\/v2\/types\/tnc_col_329_item"}],"replies":[{"embeddable":true,"href":"https:\/\/museuflorestal.ambiente.sp.gov.br\/acervo\/wp-json\/wp\/v2\/comments?post=15145"}],"version-history":[{"count":0,"href":"https:\/\/museuflorestal.ambiente.sp.gov.br\/acervo\/wp-json\/wp\/v2\/tnc_col_329_item\/15145\/revisions"}],"wp:featuredmedia":[{"embeddable":true,"href":"https:\/\/museuflorestal.ambiente.sp.gov.br\/acervo\/wp-json\/wp\/v2\/media\/15146"}],"wp:attachment":[{"href":"https:\/\/museuflorestal.ambiente.sp.gov.br\/acervo\/wp-json\/wp\/v2\/media?parent=15145"}],"curies":[{"name":"wp","href":"https:\/\/api.w.org\/{rel}","templated":true}]}}

Prato de madeira com aplicação de charão

<p>Prato circular côncavo de madeira com aplicação de charão em toda a sua extensão, com a base plana. Na centralidade há o entalhe &#8220;63&#8221; e ao lado do entalhe, a etiqueta com a inscrição &#8220;CH-129&#8221;.</p>
