{"id":15148,"date":"2021-11-30T22:58:37","date_gmt":"2021-12-01T00:58:37","guid":{"rendered":"https:\/\/museuflorestal.ambiente.sp.gov.br\/acervo\/?post_type=tnc_col_329_item&#038;p=15148"},"modified":"2021-11-30T22:58:40","modified_gmt":"2021-12-01T00:58:40","slug":"prato-de-madeira-com-aplicacao-de-charao-8","status":"publish","type":"tnc_col_329_item","link":"https:\/\/museuflorestal.ambiente.sp.gov.br\/acervo\/museu-florestal-octavio-vecchi\/prato-de-madeira-com-aplicacao-de-charao-8\/","title":{"rendered":"Prato de madeira com aplica\u00e7\u00e3o de char\u00e3o"},"content":{"rendered":"<p>Prato circular c\u00f4ncavo de madeira com aplica\u00e7\u00e3o de char\u00e3o em toda a sua extens\u00e3o, com a base plana. Na centralidade h\u00e1 uma etiqueta com a inscri\u00e7\u00e3o &#8220;CH-152&#8221;. Na face c\u00f4ncava h\u00e1 o desenho de uma \u00e1rvore com v\u00e1rios galhos em marrom, dourado e prateado. Ao lado da \u00e1rvore h\u00e1 uma rocha em tons de marrons, ambas tem aplica\u00e7\u00e3o de madrep\u00e9rola. Entre a rocha e a \u00e1rvore, h\u00e1 uma ave marrom e um pagode de dois andares com paredes de madrep\u00e9rola e telhado marrom.<\/p>\n","protected":false},"featured_media":15149,"parent":0,"menu_order":0,"comment_status":"closed","ping_status":"closed","template":"","format":"standard","_links":{"self":[{"href":"https:\/\/museuflorestal.ambiente.sp.gov.br\/acervo\/wp-json\/wp\/v2\/tnc_col_329_item\/15148"}],"collection":[{"href":"https:\/\/museuflorestal.ambiente.sp.gov.br\/acervo\/wp-json\/wp\/v2\/tnc_col_329_item"}],"about":[{"href":"https:\/\/museuflorestal.ambiente.sp.gov.br\/acervo\/wp-json\/wp\/v2\/types\/tnc_col_329_item"}],"replies":[{"embeddable":true,"href":"https:\/\/museuflorestal.ambiente.sp.gov.br\/acervo\/wp-json\/wp\/v2\/comments?post=15148"}],"version-history":[{"count":0,"href":"https:\/\/museuflorestal.ambiente.sp.gov.br\/acervo\/wp-json\/wp\/v2\/tnc_col_329_item\/15148\/revisions"}],"wp:featuredmedia":[{"embeddable":true,"href":"https:\/\/museuflorestal.ambiente.sp.gov.br\/acervo\/wp-json\/wp\/v2\/media\/15149"}],"wp:attachment":[{"href":"https:\/\/museuflorestal.ambiente.sp.gov.br\/acervo\/wp-json\/wp\/v2\/media?parent=15148"}],"curies":[{"name":"wp","href":"https:\/\/api.w.org\/{rel}","templated":true}]}}

Prato de madeira com aplicação de charão

<p>Prato circular côncavo de madeira com aplicação de charão em toda a sua extensão, com a base plana. Na centralidade há uma etiqueta com a inscrição &#8220;CH-152&#8221;. Na face côncava há o desenho de uma árvore com vários galhos em marrom, dourado e prateado. Ao lado da árvore há uma rocha em tons de marrons, ambas tem aplicação de madrepérola. Entre a rocha e a árvore, há uma ave marrom e um pagode de dois andares com paredes de madrepérola e telhado marrom.</p>
