{"id":15154,"date":"2021-11-30T22:58:47","date_gmt":"2021-12-01T00:58:47","guid":{"rendered":"https:\/\/museuflorestal.ambiente.sp.gov.br\/acervo\/?post_type=tnc_col_329_item&#038;p=15154"},"modified":"2021-11-30T22:58:50","modified_gmt":"2021-12-01T00:58:50","slug":"prato-de-madeira-com-aplicacao-de-charao-vermelho-3","status":"publish","type":"tnc_col_329_item","link":"https:\/\/museuflorestal.ambiente.sp.gov.br\/acervo\/museu-florestal-octavio-vecchi\/prato-de-madeira-com-aplicacao-de-charao-vermelho-3\/","title":{"rendered":"Prato de madeira com aplica\u00e7\u00e3o de char\u00e3o vermelho"},"content":{"rendered":"<p>Prato circular c\u00f4ncavo de madeira com aplica\u00e7\u00e3o de char\u00e3o em cima e come\u00e7o de aplica\u00e7\u00e3o de char\u00e3o na parte de baixo. Possui base em relevo em forma de anel. Na face de cima h\u00e1 aplica\u00e7\u00e3o de tinta vermelha em metade da pe\u00e7a e char\u00e3o preto na outra. Na centralidade da base h\u00e1 uma etiqueta com a inscri\u00e7\u00e3o &#8220;CH-125&#8221;.<\/p>\n","protected":false},"featured_media":15155,"parent":0,"menu_order":0,"comment_status":"closed","ping_status":"closed","template":"","format":"standard","_links":{"self":[{"href":"https:\/\/museuflorestal.ambiente.sp.gov.br\/acervo\/wp-json\/wp\/v2\/tnc_col_329_item\/15154"}],"collection":[{"href":"https:\/\/museuflorestal.ambiente.sp.gov.br\/acervo\/wp-json\/wp\/v2\/tnc_col_329_item"}],"about":[{"href":"https:\/\/museuflorestal.ambiente.sp.gov.br\/acervo\/wp-json\/wp\/v2\/types\/tnc_col_329_item"}],"replies":[{"embeddable":true,"href":"https:\/\/museuflorestal.ambiente.sp.gov.br\/acervo\/wp-json\/wp\/v2\/comments?post=15154"}],"version-history":[{"count":0,"href":"https:\/\/museuflorestal.ambiente.sp.gov.br\/acervo\/wp-json\/wp\/v2\/tnc_col_329_item\/15154\/revisions"}],"wp:featuredmedia":[{"embeddable":true,"href":"https:\/\/museuflorestal.ambiente.sp.gov.br\/acervo\/wp-json\/wp\/v2\/media\/15155"}],"wp:attachment":[{"href":"https:\/\/museuflorestal.ambiente.sp.gov.br\/acervo\/wp-json\/wp\/v2\/media?parent=15154"}],"curies":[{"name":"wp","href":"https:\/\/api.w.org\/{rel}","templated":true}]}}

Prato de madeira com aplicação de charão vermelho

<p>Prato circular côncavo de madeira com aplicação de charão em cima e começo de aplicação de charão na parte de baixo. Possui base em relevo em forma de anel. Na face de cima há aplicação de tinta vermelha em metade da peça e charão preto na outra. Na centralidade da base há uma etiqueta com a inscrição &#8220;CH-125&#8221;.</p>
