{"id":15157,"date":"2021-11-30T22:58:52","date_gmt":"2021-12-01T00:58:52","guid":{"rendered":"https:\/\/museuflorestal.ambiente.sp.gov.br\/acervo\/?post_type=tnc_col_329_item&#038;p=15157"},"modified":"2021-11-30T22:58:55","modified_gmt":"2021-12-01T00:58:55","slug":"quadro-de-garca-com-aplicacao-de-charao","status":"publish","type":"tnc_col_329_item","link":"https:\/\/museuflorestal.ambiente.sp.gov.br\/acervo\/museu-florestal-octavio-vecchi\/quadro-de-garca-com-aplicacao-de-charao\/","title":{"rendered":"Quadro de gar\u00e7a com aplica\u00e7\u00e3o de char\u00e3o"},"content":{"rendered":"<p>Quadro retangular de madeira com aplica\u00e7\u00e3o de char\u00e3o na cor preta. Representa uma gar\u00e7a voando, o desenho \u00e9 branco e craquelado como uma t\u00e9cnica de mosaico. A gar\u00e7a possui o pesco\u00e7o curvo, bico amarelado, duas pernas acinzentadas esticadas para tr\u00e1s e olhos aparentes. Abaixo e acima da gar\u00e7a h\u00e1 aplica\u00e7\u00e3o de madrep\u00e9rola cinza salpicada em faixas. Na frente da gar\u00e7a h\u00e1 nove ramos de folhas alongadas em forma de gota e com cores marrom, vermelho e cinza. Esses ramos possuem v\u00e1rios buracos arredondados que aparentam ser para encaixe de material, inclusive um est\u00e1 encaixado com o que aparenta ser madrep\u00e9rola. Aplica\u00e7\u00e3o de char\u00e3o e tinta vermelha na outra face. Na centralidade h\u00e1 uma etiqueta com inscri\u00e7\u00e3o &#8220;CH-55&#8221;.<\/p>\n","protected":false},"featured_media":15158,"parent":0,"menu_order":0,"comment_status":"closed","ping_status":"closed","template":"","format":"standard","_links":{"self":[{"href":"https:\/\/museuflorestal.ambiente.sp.gov.br\/acervo\/wp-json\/wp\/v2\/tnc_col_329_item\/15157"}],"collection":[{"href":"https:\/\/museuflorestal.ambiente.sp.gov.br\/acervo\/wp-json\/wp\/v2\/tnc_col_329_item"}],"about":[{"href":"https:\/\/museuflorestal.ambiente.sp.gov.br\/acervo\/wp-json\/wp\/v2\/types\/tnc_col_329_item"}],"replies":[{"embeddable":true,"href":"https:\/\/museuflorestal.ambiente.sp.gov.br\/acervo\/wp-json\/wp\/v2\/comments?post=15157"}],"version-history":[{"count":0,"href":"https:\/\/museuflorestal.ambiente.sp.gov.br\/acervo\/wp-json\/wp\/v2\/tnc_col_329_item\/15157\/revisions"}],"wp:featuredmedia":[{"embeddable":true,"href":"https:\/\/museuflorestal.ambiente.sp.gov.br\/acervo\/wp-json\/wp\/v2\/media\/15158"}],"wp:attachment":[{"href":"https:\/\/museuflorestal.ambiente.sp.gov.br\/acervo\/wp-json\/wp\/v2\/media?parent=15157"}],"curies":[{"name":"wp","href":"https:\/\/api.w.org\/{rel}","templated":true}]}}

Quadro de garça com aplicação de charão

<p>Quadro retangular de madeira com aplicação de charão na cor preta. Representa uma garça voando, o desenho é branco e craquelado como uma técnica de mosaico. A garça possui o pescoço curvo, bico amarelado, duas pernas acinzentadas esticadas para trás e olhos aparentes. Abaixo e acima da garça há aplicação de madrepérola cinza salpicada em faixas. Na frente da garça há nove ramos de folhas alongadas em forma de gota e com cores marrom, vermelho e cinza. Esses ramos possuem vários buracos arredondados que aparentam ser para encaixe de material, inclusive um está encaixado com o que aparenta ser madrepérola. Aplicação de charão e tinta vermelha na outra face. Na centralidade há uma etiqueta com inscrição &#8220;CH-55&#8221;.</p>
