{"id":15176,"date":"2021-11-30T22:59:27","date_gmt":"2021-12-01T00:59:27","guid":{"rendered":"https:\/\/museuflorestal.ambiente.sp.gov.br\/acervo\/?post_type=tnc_col_329_item&#038;p=15176"},"modified":"2021-11-30T22:59:29","modified_gmt":"2021-12-01T00:59:29","slug":"caixa-de-madeira-com-tampa-2","status":"publish","type":"tnc_col_329_item","link":"https:\/\/museuflorestal.ambiente.sp.gov.br\/acervo\/museu-florestal-octavio-vecchi\/caixa-de-madeira-com-tampa-2\/","title":{"rendered":"Caixa de madeira com tampa"},"content":{"rendered":"<p>Caixa de madeira retangular com tampa, com as laterais retas e, em uma das laterais maiores, h\u00e1 um entalhe com o mecanismo de uma fechadura met\u00e1lica. Na parte de fora, o encaixe possui o formato da chave. Em uma das laterais maiores h\u00e1 duas dobradi\u00e7as met\u00e1licas. No fundo da caixa h\u00e1 uma etiqueta com a inscri\u00e7\u00e3o &#8220;OB-113&#8221;. A tampa est\u00e1 solta em uma das laterais. Em uma das laterais maiores h\u00e1 um entalhe com dois furos para encaixe da dobradi\u00e7a, e na lateral oposta h\u00e1 o entalhe para encaixe do fecho. Na parte interna da tampa h\u00e1 uma etiqueta com a inscri\u00e7\u00e3o &#8220;OB-113&#8221;.<\/p>\n","protected":false},"featured_media":15177,"parent":0,"menu_order":0,"comment_status":"closed","ping_status":"closed","template":"","format":"standard","_links":{"self":[{"href":"https:\/\/museuflorestal.ambiente.sp.gov.br\/acervo\/wp-json\/wp\/v2\/tnc_col_329_item\/15176"}],"collection":[{"href":"https:\/\/museuflorestal.ambiente.sp.gov.br\/acervo\/wp-json\/wp\/v2\/tnc_col_329_item"}],"about":[{"href":"https:\/\/museuflorestal.ambiente.sp.gov.br\/acervo\/wp-json\/wp\/v2\/types\/tnc_col_329_item"}],"replies":[{"embeddable":true,"href":"https:\/\/museuflorestal.ambiente.sp.gov.br\/acervo\/wp-json\/wp\/v2\/comments?post=15176"}],"version-history":[{"count":0,"href":"https:\/\/museuflorestal.ambiente.sp.gov.br\/acervo\/wp-json\/wp\/v2\/tnc_col_329_item\/15176\/revisions"}],"wp:featuredmedia":[{"embeddable":true,"href":"https:\/\/museuflorestal.ambiente.sp.gov.br\/acervo\/wp-json\/wp\/v2\/media\/15177"}],"wp:attachment":[{"href":"https:\/\/museuflorestal.ambiente.sp.gov.br\/acervo\/wp-json\/wp\/v2\/media?parent=15176"}],"curies":[{"name":"wp","href":"https:\/\/api.w.org\/{rel}","templated":true}]}}

<p>Caixa de madeira retangular com tampa, com as laterais retas e, em uma das laterais maiores, há um entalhe com o mecanismo de uma fechadura metálica. Na parte de fora, o encaixe possui o formato da chave. Em uma das laterais maiores há duas dobradiças metálicas. No fundo da caixa há uma etiqueta com a inscrição &#8220;OB-113&#8221;. A tampa está solta em uma das laterais. Em uma das laterais maiores há um entalhe com dois furos para encaixe da dobradiça, e na lateral oposta há o entalhe para encaixe do fecho. Na parte interna da tampa há uma etiqueta com a inscrição &#8220;OB-113&#8221;.</p>
