{"id":15186,"date":"2021-11-30T22:59:46","date_gmt":"2021-12-01T00:59:46","guid":{"rendered":"https:\/\/museuflorestal.ambiente.sp.gov.br\/acervo\/?post_type=tnc_col_329_item&#038;p=15186"},"modified":"2021-11-30T22:59:49","modified_gmt":"2021-12-01T00:59:49","slug":"caixa-com-tampa-e-aplicacao-de-charao-numero-7","status":"publish","type":"tnc_col_329_item","link":"https:\/\/museuflorestal.ambiente.sp.gov.br\/acervo\/museu-florestal-octavio-vecchi\/caixa-com-tampa-e-aplicacao-de-charao-numero-7\/","title":{"rendered":"Caixa com tampa e aplica\u00e7\u00e3o de char\u00e3o, n\u00famero 7"},"content":{"rendered":"<p>Caixa de madeira retangular com aplica\u00e7\u00e3o de char\u00e3o e tampa presa por duas dobradi\u00e7as met\u00e1licas. Em uma das laterais maiores h\u00e1 um entalhe com o mecanismo de uma fechadura met\u00e1lica preta e, na parte de fora, h\u00e1 o encaixe com o formato da chave. Na parte de cima de uma das laterais maiores h\u00e1 duas dobradi\u00e7as met\u00e1licas. Em uma lateral menor h\u00e1 o entalhe &#8220;7&#8221; na parte de baixo. Possui aplica\u00e7\u00e3o inicial de char\u00e3o e uma etiqueta na extremidade com a inscri\u00e7\u00e3o &#8220;CH-23&#8221;. Na tampa, em uma das laterais maiores, h\u00e1 o entalhe com dois furos para encaixe da dobradi\u00e7a, e uma lateral menor possui o entalhe &#8220;7&#8221;.<\/p>\n","protected":false},"featured_media":15187,"parent":0,"menu_order":0,"comment_status":"closed","ping_status":"closed","template":"","format":"standard","_links":{"self":[{"href":"https:\/\/museuflorestal.ambiente.sp.gov.br\/acervo\/wp-json\/wp\/v2\/tnc_col_329_item\/15186"}],"collection":[{"href":"https:\/\/museuflorestal.ambiente.sp.gov.br\/acervo\/wp-json\/wp\/v2\/tnc_col_329_item"}],"about":[{"href":"https:\/\/museuflorestal.ambiente.sp.gov.br\/acervo\/wp-json\/wp\/v2\/types\/tnc_col_329_item"}],"replies":[{"embeddable":true,"href":"https:\/\/museuflorestal.ambiente.sp.gov.br\/acervo\/wp-json\/wp\/v2\/comments?post=15186"}],"version-history":[{"count":0,"href":"https:\/\/museuflorestal.ambiente.sp.gov.br\/acervo\/wp-json\/wp\/v2\/tnc_col_329_item\/15186\/revisions"}],"wp:featuredmedia":[{"embeddable":true,"href":"https:\/\/museuflorestal.ambiente.sp.gov.br\/acervo\/wp-json\/wp\/v2\/media\/15187"}],"wp:attachment":[{"href":"https:\/\/museuflorestal.ambiente.sp.gov.br\/acervo\/wp-json\/wp\/v2\/media?parent=15186"}],"curies":[{"name":"wp","href":"https:\/\/api.w.org\/{rel}","templated":true}]}}

Caixa com tampa e aplicação de charão, número 7

<p>Caixa de madeira retangular com aplicação de charão e tampa presa por duas dobradiças metálicas. Em uma das laterais maiores há um entalhe com o mecanismo de uma fechadura metálica preta e, na parte de fora, há o encaixe com o formato da chave. Na parte de cima de uma das laterais maiores há duas dobradiças metálicas. Em uma lateral menor há o entalhe &#8220;7&#8221; na parte de baixo. Possui aplicação inicial de charão e uma etiqueta na extremidade com a inscrição &#8220;CH-23&#8221;. Na tampa, em uma das laterais maiores, há o entalhe com dois furos para encaixe da dobradiça, e uma lateral menor possui o entalhe &#8220;7&#8221;.</p>
