{"id":15202,"date":"2021-11-30T23:00:19","date_gmt":"2021-12-01T01:00:19","guid":{"rendered":"https:\/\/museuflorestal.ambiente.sp.gov.br\/acervo\/?post_type=tnc_col_329_item&#038;p=15202"},"modified":"2021-11-30T23:00:21","modified_gmt":"2021-12-01T01:00:21","slug":"caixa-com-tampa-e-aplicacao-de-charao-3","status":"publish","type":"tnc_col_329_item","link":"https:\/\/museuflorestal.ambiente.sp.gov.br\/acervo\/museu-florestal-octavio-vecchi\/caixa-com-tampa-e-aplicacao-de-charao-3\/","title":{"rendered":"Caixa com tampa e aplica\u00e7\u00e3o de char\u00e3o"},"content":{"rendered":"<p>Caixa de madeira retangular com aplica\u00e7\u00e3o de char\u00e3o e tampa. Em uma das laterais maiores h\u00e1 um entalhe com o mecanismo de uma fechadura met\u00e1lica preta e, na parte de fora, h\u00e1 o encaixe com o formato da chave. Em uma lateral menor h\u00e1 o entalhe &#8220;14&#8221; na parte de baixo, possui aplica\u00e7\u00e3o de char\u00e3o, superf\u00edcie \u00e1spera, uma etiqueta na extremidade com a inscri\u00e7\u00e3o &#8220;2c&#8221; e, em outra extremidade, uma etiqueta com a inscri\u00e7\u00e3o &#8220;CH-18&#8221;. A tampa possui as laterais retas, dois entalhes retangulares para encaixe da dobradi\u00e7a em uma lateral maior, e o entalhe &#8220;17&#8221; em uma lateral menor. Na parte interna da tampa h\u00e1 uma etiqueta com a inscri\u00e7\u00e3o &#8220;CH-18&#8221; e, pr\u00f3ximo da extremidade, h\u00e1 a inscri\u00e7\u00e3o pintada na madeira &#8220;ofertado ao curso de char\u00e3o por Henrique Z. Berg&#8221;. A face de fora da tampa \u00e9 levemente abaulada e possui um desenho adesivado prateado de um p\u00e1ssaro, com as duas asas abertas, corpo, cabe\u00e7a curvada para o lado, com bico e olho aparente, uma crista, barbela um par de patas e uma cauda comprida ondulada bifurcada.<\/p>\n","protected":false},"featured_media":15203,"parent":0,"menu_order":0,"comment_status":"closed","ping_status":"closed","template":"","format":"standard","_links":{"self":[{"href":"https:\/\/museuflorestal.ambiente.sp.gov.br\/acervo\/wp-json\/wp\/v2\/tnc_col_329_item\/15202"}],"collection":[{"href":"https:\/\/museuflorestal.ambiente.sp.gov.br\/acervo\/wp-json\/wp\/v2\/tnc_col_329_item"}],"about":[{"href":"https:\/\/museuflorestal.ambiente.sp.gov.br\/acervo\/wp-json\/wp\/v2\/types\/tnc_col_329_item"}],"replies":[{"embeddable":true,"href":"https:\/\/museuflorestal.ambiente.sp.gov.br\/acervo\/wp-json\/wp\/v2\/comments?post=15202"}],"version-history":[{"count":0,"href":"https:\/\/museuflorestal.ambiente.sp.gov.br\/acervo\/wp-json\/wp\/v2\/tnc_col_329_item\/15202\/revisions"}],"wp:featuredmedia":[{"embeddable":true,"href":"https:\/\/museuflorestal.ambiente.sp.gov.br\/acervo\/wp-json\/wp\/v2\/media\/15203"}],"wp:attachment":[{"href":"https:\/\/museuflorestal.ambiente.sp.gov.br\/acervo\/wp-json\/wp\/v2\/media?parent=15202"}],"curies":[{"name":"wp","href":"https:\/\/api.w.org\/{rel}","templated":true}]}}

Caixa com tampa e aplicação de charão

<p>Caixa de madeira retangular com aplicação de charão e tampa. Em uma das laterais maiores há um entalhe com o mecanismo de uma fechadura metálica preta e, na parte de fora, há o encaixe com o formato da chave. Em uma lateral menor há o entalhe &#8220;14&#8221; na parte de baixo, possui aplicação de charão, superfície áspera, uma etiqueta na extremidade com a inscrição &#8220;2c&#8221; e, em outra extremidade, uma etiqueta com a inscrição &#8220;CH-18&#8221;. A tampa possui as laterais retas, dois entalhes retangulares para encaixe da dobradiça em uma lateral maior, e o entalhe &#8220;17&#8221; em uma lateral menor. Na parte interna da tampa há uma etiqueta com a inscrição &#8220;CH-18&#8221; e, próximo da extremidade, há a inscrição pintada na madeira &#8220;ofertado ao curso de charão por Henrique Z. Berg&#8221;. A face de fora da tampa é levemente abaulada e possui um desenho adesivado prateado de um pássaro, com as duas asas abertas, corpo, cabeça curvada para o lado, com bico e olho aparente, uma crista, barbela um par de patas e uma cauda comprida ondulada bifurcada.</p>
