{"id":15212,"date":"2021-11-30T23:00:37","date_gmt":"2021-12-01T01:00:37","guid":{"rendered":"https:\/\/museuflorestal.ambiente.sp.gov.br\/acervo\/?post_type=tnc_col_329_item&#038;p=15212"},"modified":"2021-11-30T23:00:40","modified_gmt":"2021-12-01T01:00:40","slug":"caixa-com-tampa-e-aplicacao-de-charao-4","status":"publish","type":"tnc_col_329_item","link":"https:\/\/museuflorestal.ambiente.sp.gov.br\/acervo\/museu-florestal-octavio-vecchi\/caixa-com-tampa-e-aplicacao-de-charao-4\/","title":{"rendered":"Caixa com tampa e aplica\u00e7\u00e3o de char\u00e3o"},"content":{"rendered":"<p>Caixa de madeira retangular com aplica\u00e7\u00e3o de char\u00e3o e tampa. Possui as laterais retas e com as extremidades das laterais curvas. Em uma das laterais maiores h\u00e1 um entalhe para coloca\u00e7\u00e3o do mecanismo de uma fechadura e, na parte de fora, h\u00e1 o encaixe com o formato da chave. Na outra lateral maior h\u00e1 dois entalhes para colocar as dobradi\u00e7as retangulares cobertas com char\u00e3o. No fundo h\u00e1 um fundo falso com o formato da caixa e, no centro desse fundo falso, h\u00e1 um entalhe em forma de um encaixe de chave. A parte de baixo possui prepara\u00e7\u00e3o para char\u00e3o. Na parte de baixo da caixa h\u00e1 uma etiqueta com a inscri\u00e7\u00e3o &#8220;CH-32&#8221;. A tampa \u00e9 separada com dois entalhes retangulares para colocar dobradi\u00e7as em uma lateral maior, e na lateral oposta h\u00e1 um entalhe para colocar o fecho. Na parte interna da tampa h\u00e1 uma etiqueta com a inscri\u00e7\u00e3o &#8220;CH-177&#8221;.<\/p>\n","protected":false},"featured_media":15213,"parent":0,"menu_order":0,"comment_status":"closed","ping_status":"closed","template":"","format":"standard","_links":{"self":[{"href":"https:\/\/museuflorestal.ambiente.sp.gov.br\/acervo\/wp-json\/wp\/v2\/tnc_col_329_item\/15212"}],"collection":[{"href":"https:\/\/museuflorestal.ambiente.sp.gov.br\/acervo\/wp-json\/wp\/v2\/tnc_col_329_item"}],"about":[{"href":"https:\/\/museuflorestal.ambiente.sp.gov.br\/acervo\/wp-json\/wp\/v2\/types\/tnc_col_329_item"}],"replies":[{"embeddable":true,"href":"https:\/\/museuflorestal.ambiente.sp.gov.br\/acervo\/wp-json\/wp\/v2\/comments?post=15212"}],"version-history":[{"count":0,"href":"https:\/\/museuflorestal.ambiente.sp.gov.br\/acervo\/wp-json\/wp\/v2\/tnc_col_329_item\/15212\/revisions"}],"wp:featuredmedia":[{"embeddable":true,"href":"https:\/\/museuflorestal.ambiente.sp.gov.br\/acervo\/wp-json\/wp\/v2\/media\/15213"}],"wp:attachment":[{"href":"https:\/\/museuflorestal.ambiente.sp.gov.br\/acervo\/wp-json\/wp\/v2\/media?parent=15212"}],"curies":[{"name":"wp","href":"https:\/\/api.w.org\/{rel}","templated":true}]}}

Caixa com tampa e aplicação de charão

<p>Caixa de madeira retangular com aplicação de charão e tampa. Possui as laterais retas e com as extremidades das laterais curvas. Em uma das laterais maiores há um entalhe para colocação do mecanismo de uma fechadura e, na parte de fora, há o encaixe com o formato da chave. Na outra lateral maior há dois entalhes para colocar as dobradiças retangulares cobertas com charão. No fundo há um fundo falso com o formato da caixa e, no centro desse fundo falso, há um entalhe em forma de um encaixe de chave. A parte de baixo possui preparação para charão. Na parte de baixo da caixa há uma etiqueta com a inscrição &#8220;CH-32&#8221;. A tampa é separada com dois entalhes retangulares para colocar dobradiças em uma lateral maior, e na lateral oposta há um entalhe para colocar o fecho. Na parte interna da tampa há uma etiqueta com a inscrição &#8220;CH-177&#8221;.</p>
