{"id":15218,"date":"2021-11-30T23:00:44","date_gmt":"2021-12-01T01:00:44","guid":{"rendered":"https:\/\/museuflorestal.ambiente.sp.gov.br\/acervo\/?post_type=tnc_col_329_item&#038;p=15218"},"modified":"2021-11-30T23:00:47","modified_gmt":"2021-12-01T01:00:47","slug":"caixa-com-tampa-e-aplicacao-de-charao-5","status":"publish","type":"tnc_col_329_item","link":"https:\/\/museuflorestal.ambiente.sp.gov.br\/acervo\/museu-florestal-octavio-vecchi\/caixa-com-tampa-e-aplicacao-de-charao-5\/","title":{"rendered":"Caixa com tampa e aplica\u00e7\u00e3o de char\u00e3o"},"content":{"rendered":"<p>Caixa retangular de madeira com tampa e aplica\u00e7\u00e3o de char\u00e3o. Possui espa\u00e7o para fechadura e a tampa est\u00e1 presa por duas dobradi\u00e7as met\u00e1licas. No interior da tampa h\u00e1 o entalhe &#8220;19&#8221;, e na parte superior suas bordas s\u00e3o levemente abauladas e h\u00e1 o desenho de uma figura feminina em p\u00e9. A mulher veste uma roupa oriental de mangas compridas, na cor rosa com detalhes em marrom e dourado, e uma faixa vermelha presa ao traje. H\u00e1, ainda, um diadema dourado com pontas curvadas adornando a cabe\u00e7a da mulher. Ao seu lado direito, h\u00e1 um galho com folhas esverdeadas e duas flores rosadas, e do lado esquerdo h\u00e1 ramos altos esverdeados com duas flores prateadas. A caixa possui uma chave met\u00e1lica com cabe\u00e7a oval, vazada em tr\u00eas partes. Na parte posterior da caixa h\u00e1 um carimbo com a inscri\u00e7\u00e3o &#8220;Servi\u00e7o Florestal do Estado S\u00e3o Paulo&#8221; e uma etiqueta com a inscri\u00e7\u00e3o &#8220;CH-21&#8221;.<\/p>\n","protected":false},"featured_media":15219,"parent":0,"menu_order":0,"comment_status":"closed","ping_status":"closed","template":"","format":"standard","_links":{"self":[{"href":"https:\/\/museuflorestal.ambiente.sp.gov.br\/acervo\/wp-json\/wp\/v2\/tnc_col_329_item\/15218"}],"collection":[{"href":"https:\/\/museuflorestal.ambiente.sp.gov.br\/acervo\/wp-json\/wp\/v2\/tnc_col_329_item"}],"about":[{"href":"https:\/\/museuflorestal.ambiente.sp.gov.br\/acervo\/wp-json\/wp\/v2\/types\/tnc_col_329_item"}],"replies":[{"embeddable":true,"href":"https:\/\/museuflorestal.ambiente.sp.gov.br\/acervo\/wp-json\/wp\/v2\/comments?post=15218"}],"version-history":[{"count":0,"href":"https:\/\/museuflorestal.ambiente.sp.gov.br\/acervo\/wp-json\/wp\/v2\/tnc_col_329_item\/15218\/revisions"}],"wp:featuredmedia":[{"embeddable":true,"href":"https:\/\/museuflorestal.ambiente.sp.gov.br\/acervo\/wp-json\/wp\/v2\/media\/15219"}],"wp:attachment":[{"href":"https:\/\/museuflorestal.ambiente.sp.gov.br\/acervo\/wp-json\/wp\/v2\/media?parent=15218"}],"curies":[{"name":"wp","href":"https:\/\/api.w.org\/{rel}","templated":true}]}}

Caixa com tampa e aplicação de charão

<p>Caixa retangular de madeira com tampa e aplicação de charão. Possui espaço para fechadura e a tampa está presa por duas dobradiças metálicas. No interior da tampa há o entalhe &#8220;19&#8221;, e na parte superior suas bordas são levemente abauladas e há o desenho de uma figura feminina em pé. A mulher veste uma roupa oriental de mangas compridas, na cor rosa com detalhes em marrom e dourado, e uma faixa vermelha presa ao traje. Há, ainda, um diadema dourado com pontas curvadas adornando a cabeça da mulher. Ao seu lado direito, há um galho com folhas esverdeadas e duas flores rosadas, e do lado esquerdo há ramos altos esverdeados com duas flores prateadas. A caixa possui uma chave metálica com cabeça oval, vazada em três partes. Na parte posterior da caixa há um carimbo com a inscrição &#8220;Serviço Florestal do Estado São Paulo&#8221; e uma etiqueta com a inscrição &#8220;CH-21&#8221;.</p>
