{"id":15242,"date":"2021-11-30T23:01:15","date_gmt":"2021-12-01T01:01:15","guid":{"rendered":"https:\/\/museuflorestal.ambiente.sp.gov.br\/acervo\/?post_type=tnc_col_329_item&#038;p=15242"},"modified":"2021-11-30T23:01:18","modified_gmt":"2021-12-01T01:01:18","slug":"caixa-com-tampa-com-estudo-de-aplicacao-de-charao","status":"publish","type":"tnc_col_329_item","link":"https:\/\/museuflorestal.ambiente.sp.gov.br\/acervo\/museu-florestal-octavio-vecchi\/caixa-com-tampa-com-estudo-de-aplicacao-de-charao\/","title":{"rendered":"Caixa com tampa com estudo de aplica\u00e7\u00e3o de char\u00e3o"},"content":{"rendered":"<p>Caixa retangular de madeira com aplica\u00e7\u00e3o de char\u00e3o preto em toda sua extens\u00e3o. Nas laterais e no fundo da caixa tem aplica\u00e7\u00f5es de estudo de tintas em v\u00e1rios tons de verde, amarelo, vermelho e laranja. Na extremidade de cada lateral h\u00e1 um peda\u00e7o de fita adesiva retangular com as inscri\u00e7\u00f5es &#8220;w1&#8221;, &#8220;w2&#8221;, &#8220;w3&#8221; e &#8220;w4&#8221;. Na parte interna, no centro de uma das laterais maiores, h\u00e1 um mecanismo de fechadura, com um furo para a chave do lado de fora. Na outra lateral h\u00e1 dois entalhes para coloca\u00e7\u00e3o da dobradi\u00e7a. Na extremidade da base tem uma etiqueta com a inscri\u00e7\u00e3o &#8220;CH-29&#8221;. Na lateral menor h\u00e1 o entalhe &#8220;2&#8221;. Possui a tampa solta e com as bordas levemente declinadas, em sua face h\u00e1 oito quadrados irregulares de tinta, em varia\u00e7\u00f5es de marrom e amarelo. Abaixo de cada quadrado h\u00e1 uma fita adesiva com inscri\u00e7\u00f5es ileg\u00edveis, mas que aparentam ser n\u00fameros e letras. Em uma lateral maior h\u00e1 entalhes para dobradi\u00e7as. A lateral menor possui o entalhe &#8220;1&#8221;, e na face interna h\u00e1 uma etiqueta com a inscri\u00e7\u00e3o &#8220;CH 29&#8221;.<\/p>\n","protected":false},"featured_media":15243,"parent":0,"menu_order":0,"comment_status":"closed","ping_status":"closed","template":"","format":"standard","_links":{"self":[{"href":"https:\/\/museuflorestal.ambiente.sp.gov.br\/acervo\/wp-json\/wp\/v2\/tnc_col_329_item\/15242"}],"collection":[{"href":"https:\/\/museuflorestal.ambiente.sp.gov.br\/acervo\/wp-json\/wp\/v2\/tnc_col_329_item"}],"about":[{"href":"https:\/\/museuflorestal.ambiente.sp.gov.br\/acervo\/wp-json\/wp\/v2\/types\/tnc_col_329_item"}],"replies":[{"embeddable":true,"href":"https:\/\/museuflorestal.ambiente.sp.gov.br\/acervo\/wp-json\/wp\/v2\/comments?post=15242"}],"version-history":[{"count":0,"href":"https:\/\/museuflorestal.ambiente.sp.gov.br\/acervo\/wp-json\/wp\/v2\/tnc_col_329_item\/15242\/revisions"}],"wp:featuredmedia":[{"embeddable":true,"href":"https:\/\/museuflorestal.ambiente.sp.gov.br\/acervo\/wp-json\/wp\/v2\/media\/15243"}],"wp:attachment":[{"href":"https:\/\/museuflorestal.ambiente.sp.gov.br\/acervo\/wp-json\/wp\/v2\/media?parent=15242"}],"curies":[{"name":"wp","href":"https:\/\/api.w.org\/{rel}","templated":true}]}}

Caixa com tampa com estudo de aplicação de charão

<p>Caixa retangular de madeira com aplicação de charão preto em toda sua extensão. Nas laterais e no fundo da caixa tem aplicações de estudo de tintas em vários tons de verde, amarelo, vermelho e laranja. Na extremidade de cada lateral há um pedaço de fita adesiva retangular com as inscrições &#8220;w1&#8221;, &#8220;w2&#8221;, &#8220;w3&#8221; e &#8220;w4&#8221;. Na parte interna, no centro de uma das laterais maiores, há um mecanismo de fechadura, com um furo para a chave do lado de fora. Na outra lateral há dois entalhes para colocação da dobradiça. Na extremidade da base tem uma etiqueta com a inscrição &#8220;CH-29&#8221;. Na lateral menor há o entalhe &#8220;2&#8221;. Possui a tampa solta e com as bordas levemente declinadas, em sua face há oito quadrados irregulares de tinta, em variações de marrom e amarelo. Abaixo de cada quadrado há uma fita adesiva com inscrições ilegíveis, mas que aparentam ser números e letras. Em uma lateral maior há entalhes para dobradiças. A lateral menor possui o entalhe &#8220;1&#8221;, e na face interna há uma etiqueta com a inscrição &#8220;CH 29&#8221;.</p>
