{"id":15258,"date":"2021-11-30T23:01:44","date_gmt":"2021-12-01T01:01:44","guid":{"rendered":"https:\/\/museuflorestal.ambiente.sp.gov.br\/acervo\/?post_type=tnc_col_329_item&#038;p=15258"},"modified":"2021-11-30T23:01:46","modified_gmt":"2021-12-01T01:01:46","slug":"caixa-com-tampa-e-aplicacao-de-charao-7","status":"publish","type":"tnc_col_329_item","link":"https:\/\/museuflorestal.ambiente.sp.gov.br\/acervo\/museu-florestal-octavio-vecchi\/caixa-com-tampa-e-aplicacao-de-charao-7\/","title":{"rendered":"Caixa com tampa e aplica\u00e7\u00e3o de char\u00e3o"},"content":{"rendered":"<p>Caixa de madeira retangular com aplica\u00e7\u00e3o de char\u00e3o, com a base sobressalente ao corpo da caixa. Na extremidade da face da base h\u00e1 uma etiqueta com a inscri\u00e7\u00e3o &#8220;CH-33&#8221;. A tampa da caixa possui a parte superior sobressalente \u00e0s laterais, que formam um ret\u00e2ngulo menor, pois a tampa \u00e9 encaixada por dentro da caixa.<\/p>\n","protected":false},"featured_media":15259,"parent":0,"menu_order":0,"comment_status":"closed","ping_status":"closed","template":"","format":"standard","_links":{"self":[{"href":"https:\/\/museuflorestal.ambiente.sp.gov.br\/acervo\/wp-json\/wp\/v2\/tnc_col_329_item\/15258"}],"collection":[{"href":"https:\/\/museuflorestal.ambiente.sp.gov.br\/acervo\/wp-json\/wp\/v2\/tnc_col_329_item"}],"about":[{"href":"https:\/\/museuflorestal.ambiente.sp.gov.br\/acervo\/wp-json\/wp\/v2\/types\/tnc_col_329_item"}],"replies":[{"embeddable":true,"href":"https:\/\/museuflorestal.ambiente.sp.gov.br\/acervo\/wp-json\/wp\/v2\/comments?post=15258"}],"version-history":[{"count":0,"href":"https:\/\/museuflorestal.ambiente.sp.gov.br\/acervo\/wp-json\/wp\/v2\/tnc_col_329_item\/15258\/revisions"}],"wp:featuredmedia":[{"embeddable":true,"href":"https:\/\/museuflorestal.ambiente.sp.gov.br\/acervo\/wp-json\/wp\/v2\/media\/15259"}],"wp:attachment":[{"href":"https:\/\/museuflorestal.ambiente.sp.gov.br\/acervo\/wp-json\/wp\/v2\/media?parent=15258"}],"curies":[{"name":"wp","href":"https:\/\/api.w.org\/{rel}","templated":true}]}}

Caixa com tampa e aplicação de charão

<p>Caixa de madeira retangular com aplicação de charão, com a base sobressalente ao corpo da caixa. Na extremidade da face da base há uma etiqueta com a inscrição &#8220;CH-33&#8221;. A tampa da caixa possui a parte superior sobressalente às laterais, que formam um retângulo menor, pois a tampa é encaixada por dentro da caixa.</p>
