{"id":15276,"date":"2021-11-30T23:02:16","date_gmt":"2021-12-01T01:02:16","guid":{"rendered":"https:\/\/museuflorestal.ambiente.sp.gov.br\/acervo\/?post_type=tnc_col_329_item&#038;p=15276"},"modified":"2021-11-30T23:02:19","modified_gmt":"2021-12-01T01:02:19","slug":"caixa-e-tampa-com-charao-bege-e-preto","status":"publish","type":"tnc_col_329_item","link":"https:\/\/museuflorestal.ambiente.sp.gov.br\/acervo\/museu-florestal-octavio-vecchi\/caixa-e-tampa-com-charao-bege-e-preto\/","title":{"rendered":"Caixa e tampa com char\u00e3o bege e preto"},"content":{"rendered":"<p>Caixa e tampa retangulares de madeira com aplica\u00e7\u00e3o de char\u00e3o nas cores bege e preta. As cores seguem padr\u00e3o na diagonal, desde a base at\u00e9 a tampa. Na parte interna da caixa h\u00e1 revestimento em veludo vermelho. A parte posterior possui uma etiqueta com a inscri\u00e7\u00e3o &#8220;CH-16&#8221;.<\/p>\n","protected":false},"featured_media":15277,"parent":0,"menu_order":0,"comment_status":"closed","ping_status":"closed","template":"","format":"standard","_links":{"self":[{"href":"https:\/\/museuflorestal.ambiente.sp.gov.br\/acervo\/wp-json\/wp\/v2\/tnc_col_329_item\/15276"}],"collection":[{"href":"https:\/\/museuflorestal.ambiente.sp.gov.br\/acervo\/wp-json\/wp\/v2\/tnc_col_329_item"}],"about":[{"href":"https:\/\/museuflorestal.ambiente.sp.gov.br\/acervo\/wp-json\/wp\/v2\/types\/tnc_col_329_item"}],"replies":[{"embeddable":true,"href":"https:\/\/museuflorestal.ambiente.sp.gov.br\/acervo\/wp-json\/wp\/v2\/comments?post=15276"}],"version-history":[{"count":0,"href":"https:\/\/museuflorestal.ambiente.sp.gov.br\/acervo\/wp-json\/wp\/v2\/tnc_col_329_item\/15276\/revisions"}],"wp:featuredmedia":[{"embeddable":true,"href":"https:\/\/museuflorestal.ambiente.sp.gov.br\/acervo\/wp-json\/wp\/v2\/media\/15277"}],"wp:attachment":[{"href":"https:\/\/museuflorestal.ambiente.sp.gov.br\/acervo\/wp-json\/wp\/v2\/media?parent=15276"}],"curies":[{"name":"wp","href":"https:\/\/api.w.org\/{rel}","templated":true}]}}

Caixa e tampa com charão bege e preto

<p>Caixa e tampa retangulares de madeira com aplicação de charão nas cores bege e preta. As cores seguem padrão na diagonal, desde a base até a tampa. Na parte interna da caixa há revestimento em veludo vermelho. A parte posterior possui uma etiqueta com a inscrição &#8220;CH-16&#8221;.</p>
