{"id":15591,"date":"2021-11-30T23:09:21","date_gmt":"2021-12-01T01:09:21","guid":{"rendered":"https:\/\/museuflorestal.ambiente.sp.gov.br\/acervo\/?post_type=tnc_col_329_item&#038;p=15591"},"modified":"2021-11-30T23:09:24","modified_gmt":"2021-12-01T01:09:24","slug":"taco-desenhado-n-07","status":"publish","type":"tnc_col_329_item","link":"https:\/\/museuflorestal.ambiente.sp.gov.br\/acervo\/museu-florestal-octavio-vecchi\/taco-desenhado-n-07\/","title":{"rendered":"Taco desenhado n\u00b0 07"},"content":{"rendered":"<p>Taco retangular de madeira. Em uma das faces h\u00e1 papel colado com desenho feito em grafite de um homem de perfil, com cabelo curto, terno e gravata. No verso h\u00e1 a inscri\u00e7\u00e3o &#8220;226&#8221; e a inscri\u00e7\u00e3o &#8220;07&#8221; a l\u00e1pis.<\/p>\n","protected":false},"featured_media":15592,"parent":0,"menu_order":0,"comment_status":"closed","ping_status":"closed","template":"","format":"standard","_links":{"self":[{"href":"https:\/\/museuflorestal.ambiente.sp.gov.br\/acervo\/wp-json\/wp\/v2\/tnc_col_329_item\/15591"}],"collection":[{"href":"https:\/\/museuflorestal.ambiente.sp.gov.br\/acervo\/wp-json\/wp\/v2\/tnc_col_329_item"}],"about":[{"href":"https:\/\/museuflorestal.ambiente.sp.gov.br\/acervo\/wp-json\/wp\/v2\/types\/tnc_col_329_item"}],"replies":[{"embeddable":true,"href":"https:\/\/museuflorestal.ambiente.sp.gov.br\/acervo\/wp-json\/wp\/v2\/comments?post=15591"}],"version-history":[{"count":0,"href":"https:\/\/museuflorestal.ambiente.sp.gov.br\/acervo\/wp-json\/wp\/v2\/tnc_col_329_item\/15591\/revisions"}],"wp:featuredmedia":[{"embeddable":true,"href":"https:\/\/museuflorestal.ambiente.sp.gov.br\/acervo\/wp-json\/wp\/v2\/media\/15592"}],"wp:attachment":[{"href":"https:\/\/museuflorestal.ambiente.sp.gov.br\/acervo\/wp-json\/wp\/v2\/media?parent=15591"}],"curies":[{"name":"wp","href":"https:\/\/api.w.org\/{rel}","templated":true}]}}

<p>Taco retangular de madeira. Em uma das faces há papel colado com desenho feito em grafite de um homem de perfil, com cabelo curto, terno e gravata. No verso há a inscrição &#8220;226&#8221; e a inscrição &#8220;07&#8221; a lápis.</p>
