{"id":15604,"date":"2021-11-30T23:09:37","date_gmt":"2021-12-01T01:09:37","guid":{"rendered":"https:\/\/museuflorestal.ambiente.sp.gov.br\/acervo\/?post_type=tnc_col_329_item&#038;p=15604"},"modified":"2021-11-30T23:09:38","modified_gmt":"2021-12-01T01:09:38","slug":"taco-desenhado-n-11","status":"publish","type":"tnc_col_329_item","link":"https:\/\/museuflorestal.ambiente.sp.gov.br\/acervo\/museu-florestal-octavio-vecchi\/taco-desenhado-n-11\/","title":{"rendered":"Taco desenhado n\u00b0 11"},"content":{"rendered":"<p>Taco retangular de madeira. Em uma das faces, desenho feito em grafite de paisagem com palmeiras ao centro e lago ao fundo. No verso h\u00e1 a inscri\u00e7\u00e3o &#8220;11&#8221;.<\/p>\n","protected":false},"featured_media":15605,"parent":0,"menu_order":0,"comment_status":"closed","ping_status":"closed","template":"","format":"standard","_links":{"self":[{"href":"https:\/\/museuflorestal.ambiente.sp.gov.br\/acervo\/wp-json\/wp\/v2\/tnc_col_329_item\/15604"}],"collection":[{"href":"https:\/\/museuflorestal.ambiente.sp.gov.br\/acervo\/wp-json\/wp\/v2\/tnc_col_329_item"}],"about":[{"href":"https:\/\/museuflorestal.ambiente.sp.gov.br\/acervo\/wp-json\/wp\/v2\/types\/tnc_col_329_item"}],"replies":[{"embeddable":true,"href":"https:\/\/museuflorestal.ambiente.sp.gov.br\/acervo\/wp-json\/wp\/v2\/comments?post=15604"}],"version-history":[{"count":0,"href":"https:\/\/museuflorestal.ambiente.sp.gov.br\/acervo\/wp-json\/wp\/v2\/tnc_col_329_item\/15604\/revisions"}],"wp:featuredmedia":[{"embeddable":true,"href":"https:\/\/museuflorestal.ambiente.sp.gov.br\/acervo\/wp-json\/wp\/v2\/media\/15605"}],"wp:attachment":[{"href":"https:\/\/museuflorestal.ambiente.sp.gov.br\/acervo\/wp-json\/wp\/v2\/media?parent=15604"}],"curies":[{"name":"wp","href":"https:\/\/api.w.org\/{rel}","templated":true}]}}

<p>Taco retangular de madeira. Em uma das faces, desenho feito em grafite de paisagem com palmeiras ao centro e lago ao fundo. No verso há a inscrição &#8220;11&#8221;.</p>
