{"id":15626,"date":"2021-11-30T23:10:06","date_gmt":"2021-12-01T01:10:06","guid":{"rendered":"https:\/\/museuflorestal.ambiente.sp.gov.br\/acervo\/?post_type=tnc_col_329_item&#038;p=15626"},"modified":"2021-11-30T23:10:07","modified_gmt":"2021-12-01T01:10:07","slug":"taco-desenhado-no-18","status":"publish","type":"tnc_col_329_item","link":"https:\/\/museuflorestal.ambiente.sp.gov.br\/acervo\/museu-florestal-octavio-vecchi\/taco-desenhado-no-18\/","title":{"rendered":"Taco desenhado n\u00ba 18"},"content":{"rendered":"<p>Taco retangular de madeira. Em uma das faces, fundo branco com desenho feito em grafite de figura feminina ao centro, com uma das m\u00e3os no quadril e a outra segurando uma vara com dois cestos suspensos. Ao fundo h\u00e1 um casebre, uma figura feminina sentada, outra figura feminina com cesto na cabe\u00e7a, e \u00e1rvores atr\u00e1s. No verso h\u00e1 a inscri\u00e7\u00e3o &#8220;18&#8221;.<\/p>\n","protected":false},"featured_media":15627,"parent":0,"menu_order":0,"comment_status":"closed","ping_status":"closed","template":"","format":"standard","_links":{"self":[{"href":"https:\/\/museuflorestal.ambiente.sp.gov.br\/acervo\/wp-json\/wp\/v2\/tnc_col_329_item\/15626"}],"collection":[{"href":"https:\/\/museuflorestal.ambiente.sp.gov.br\/acervo\/wp-json\/wp\/v2\/tnc_col_329_item"}],"about":[{"href":"https:\/\/museuflorestal.ambiente.sp.gov.br\/acervo\/wp-json\/wp\/v2\/types\/tnc_col_329_item"}],"replies":[{"embeddable":true,"href":"https:\/\/museuflorestal.ambiente.sp.gov.br\/acervo\/wp-json\/wp\/v2\/comments?post=15626"}],"version-history":[{"count":0,"href":"https:\/\/museuflorestal.ambiente.sp.gov.br\/acervo\/wp-json\/wp\/v2\/tnc_col_329_item\/15626\/revisions"}],"wp:featuredmedia":[{"embeddable":true,"href":"https:\/\/museuflorestal.ambiente.sp.gov.br\/acervo\/wp-json\/wp\/v2\/media\/15627"}],"wp:attachment":[{"href":"https:\/\/museuflorestal.ambiente.sp.gov.br\/acervo\/wp-json\/wp\/v2\/media?parent=15626"}],"curies":[{"name":"wp","href":"https:\/\/api.w.org\/{rel}","templated":true}]}}

Taco desenhado nº 18

<p>Taco retangular de madeira. Em uma das faces, fundo branco com desenho feito em grafite de figura feminina ao centro, com uma das mãos no quadril e a outra segurando uma vara com dois cestos suspensos. Ao fundo há um casebre, uma figura feminina sentada, outra figura feminina com cesto na cabeça, e árvores atrás. No verso há a inscrição &#8220;18&#8221;.</p>
