{"id":15629,"date":"2021-11-30T23:10:10","date_gmt":"2021-12-01T01:10:10","guid":{"rendered":"https:\/\/museuflorestal.ambiente.sp.gov.br\/acervo\/?post_type=tnc_col_329_item&#038;p=15629"},"modified":"2021-11-30T23:10:13","modified_gmt":"2021-12-01T01:10:13","slug":"taco-desenhado-no-19","status":"publish","type":"tnc_col_329_item","link":"https:\/\/museuflorestal.ambiente.sp.gov.br\/acervo\/museu-florestal-octavio-vecchi\/taco-desenhado-no-19\/","title":{"rendered":"Taco desenhado n\u00ba 19"},"content":{"rendered":"<p>Taco retangular de madeira. Em uma das faces, fundo branco com desenho feito em grafite do Monumento \u00e0 Independ\u00eancia, em S\u00e3o Paulo, visto na diagonal, mostrando a parte da frente do monumento e uma trilha. No verso h\u00e1 as inscri\u00e7\u00f5es &#8220;19&#8221;, &#8220;31&#8221; e &#8220;LF&#8221;.<\/p>\n","protected":false},"featured_media":15630,"parent":0,"menu_order":0,"comment_status":"closed","ping_status":"closed","template":"","format":"standard","_links":{"self":[{"href":"https:\/\/museuflorestal.ambiente.sp.gov.br\/acervo\/wp-json\/wp\/v2\/tnc_col_329_item\/15629"}],"collection":[{"href":"https:\/\/museuflorestal.ambiente.sp.gov.br\/acervo\/wp-json\/wp\/v2\/tnc_col_329_item"}],"about":[{"href":"https:\/\/museuflorestal.ambiente.sp.gov.br\/acervo\/wp-json\/wp\/v2\/types\/tnc_col_329_item"}],"replies":[{"embeddable":true,"href":"https:\/\/museuflorestal.ambiente.sp.gov.br\/acervo\/wp-json\/wp\/v2\/comments?post=15629"}],"version-history":[{"count":0,"href":"https:\/\/museuflorestal.ambiente.sp.gov.br\/acervo\/wp-json\/wp\/v2\/tnc_col_329_item\/15629\/revisions"}],"wp:featuredmedia":[{"embeddable":true,"href":"https:\/\/museuflorestal.ambiente.sp.gov.br\/acervo\/wp-json\/wp\/v2\/media\/15630"}],"wp:attachment":[{"href":"https:\/\/museuflorestal.ambiente.sp.gov.br\/acervo\/wp-json\/wp\/v2\/media?parent=15629"}],"curies":[{"name":"wp","href":"https:\/\/api.w.org\/{rel}","templated":true}]}}

Taco desenhado nº 19

<p>Taco retangular de madeira. Em uma das faces, fundo branco com desenho feito em grafite do Monumento à Independência, em São Paulo, visto na diagonal, mostrando a parte da frente do monumento e uma trilha. No verso há as inscrições &#8220;19&#8221;, &#8220;31&#8221; e &#8220;LF&#8221;.</p>
