{"id":15643,"date":"2021-11-30T23:10:28","date_gmt":"2021-12-01T01:10:28","guid":{"rendered":"https:\/\/museuflorestal.ambiente.sp.gov.br\/acervo\/?post_type=tnc_col_329_item&#038;p=15643"},"modified":"2021-11-30T23:10:29","modified_gmt":"2021-12-01T01:10:29","slug":"taco-desenhado-no-23","status":"publish","type":"tnc_col_329_item","link":"https:\/\/museuflorestal.ambiente.sp.gov.br\/acervo\/museu-florestal-octavio-vecchi\/taco-desenhado-no-23\/","title":{"rendered":"Taco desenhado n\u00ba 23"},"content":{"rendered":"<p>Taco quadrado de madeira. Em uma das faces, fundo branco com desenho feito em grafite de busto de figura masculina, com olhar virado para a direita de quem v\u00ea, com terno de gola alta. No verso h\u00e1 a inscri\u00e7\u00e3o &#8220;23&#8221;.<\/p>\n","protected":false},"featured_media":15644,"parent":0,"menu_order":0,"comment_status":"closed","ping_status":"closed","template":"","format":"standard","_links":{"self":[{"href":"https:\/\/museuflorestal.ambiente.sp.gov.br\/acervo\/wp-json\/wp\/v2\/tnc_col_329_item\/15643"}],"collection":[{"href":"https:\/\/museuflorestal.ambiente.sp.gov.br\/acervo\/wp-json\/wp\/v2\/tnc_col_329_item"}],"about":[{"href":"https:\/\/museuflorestal.ambiente.sp.gov.br\/acervo\/wp-json\/wp\/v2\/types\/tnc_col_329_item"}],"replies":[{"embeddable":true,"href":"https:\/\/museuflorestal.ambiente.sp.gov.br\/acervo\/wp-json\/wp\/v2\/comments?post=15643"}],"version-history":[{"count":0,"href":"https:\/\/museuflorestal.ambiente.sp.gov.br\/acervo\/wp-json\/wp\/v2\/tnc_col_329_item\/15643\/revisions"}],"wp:featuredmedia":[{"embeddable":true,"href":"https:\/\/museuflorestal.ambiente.sp.gov.br\/acervo\/wp-json\/wp\/v2\/media\/15644"}],"wp:attachment":[{"href":"https:\/\/museuflorestal.ambiente.sp.gov.br\/acervo\/wp-json\/wp\/v2\/media?parent=15643"}],"curies":[{"name":"wp","href":"https:\/\/api.w.org\/{rel}","templated":true}]}}

Taco desenhado nº 23

<p>Taco quadrado de madeira. Em uma das faces, fundo branco com desenho feito em grafite de busto de figura masculina, com olhar virado para a direita de quem vê, com terno de gola alta. No verso há a inscrição &#8220;23&#8221;.</p>
