{"id":15653,"date":"2021-11-30T23:10:40","date_gmt":"2021-12-01T01:10:40","guid":{"rendered":"https:\/\/museuflorestal.ambiente.sp.gov.br\/acervo\/?post_type=tnc_col_329_item&#038;p=15653"},"modified":"2021-11-30T23:10:41","modified_gmt":"2021-12-01T01:10:41","slug":"taco-desenhado-no-26","status":"publish","type":"tnc_col_329_item","link":"https:\/\/museuflorestal.ambiente.sp.gov.br\/acervo\/museu-florestal-octavio-vecchi\/taco-desenhado-no-26\/","title":{"rendered":"Taco desenhado n\u00ba 26"},"content":{"rendered":"<p>Taco quadrado de madeira. Em uma das faces, fundo branco com desenho feito em grafite de m\u00e1quina em uma base retangular, com quatro rodas ligadas a base. No verso h\u00e1 a inscri\u00e7\u00e3o &#8220;26&#8221;.<\/p>\n","protected":false},"featured_media":15654,"parent":0,"menu_order":0,"comment_status":"closed","ping_status":"closed","template":"","format":"standard","_links":{"self":[{"href":"https:\/\/museuflorestal.ambiente.sp.gov.br\/acervo\/wp-json\/wp\/v2\/tnc_col_329_item\/15653"}],"collection":[{"href":"https:\/\/museuflorestal.ambiente.sp.gov.br\/acervo\/wp-json\/wp\/v2\/tnc_col_329_item"}],"about":[{"href":"https:\/\/museuflorestal.ambiente.sp.gov.br\/acervo\/wp-json\/wp\/v2\/types\/tnc_col_329_item"}],"replies":[{"embeddable":true,"href":"https:\/\/museuflorestal.ambiente.sp.gov.br\/acervo\/wp-json\/wp\/v2\/comments?post=15653"}],"version-history":[{"count":0,"href":"https:\/\/museuflorestal.ambiente.sp.gov.br\/acervo\/wp-json\/wp\/v2\/tnc_col_329_item\/15653\/revisions"}],"wp:featuredmedia":[{"embeddable":true,"href":"https:\/\/museuflorestal.ambiente.sp.gov.br\/acervo\/wp-json\/wp\/v2\/media\/15654"}],"wp:attachment":[{"href":"https:\/\/museuflorestal.ambiente.sp.gov.br\/acervo\/wp-json\/wp\/v2\/media?parent=15653"}],"curies":[{"name":"wp","href":"https:\/\/api.w.org\/{rel}","templated":true}]}}

Taco desenhado nº 26

<p>Taco quadrado de madeira. Em uma das faces, fundo branco com desenho feito em grafite de máquina em uma base retangular, com quatro rodas ligadas a base. No verso há a inscrição &#8220;26&#8221;.</p>
