{"id":15671,"date":"2021-11-30T23:11:01","date_gmt":"2021-12-01T01:11:01","guid":{"rendered":"https:\/\/museuflorestal.ambiente.sp.gov.br\/acervo\/?post_type=tnc_col_329_item&#038;p=15671"},"modified":"2021-11-30T23:11:04","modified_gmt":"2021-12-01T01:11:04","slug":"taco-desenho-n-30","status":"publish","type":"tnc_col_329_item","link":"https:\/\/museuflorestal.ambiente.sp.gov.br\/acervo\/museu-florestal-octavio-vecchi\/taco-desenho-n-30\/","title":{"rendered":"Taco desenho n\u00b0 30"},"content":{"rendered":"<p>Taco retangular de madeira. Em uma das faces, fundo branco com desenho feito em grafite de fachada de pr\u00e9dio com torre no centro e, na parte inferior, cinco arcos aparentes e \u00e1rvores ao redor. No verso h\u00e1 a inscri\u00e7\u00e3o &#8220;30&#8221; e a assinatura &#8220;Emilio Polloni&#8221;.<\/p>\n","protected":false},"featured_media":15675,"parent":0,"menu_order":0,"comment_status":"closed","ping_status":"closed","template":"","format":"standard","_links":{"self":[{"href":"https:\/\/museuflorestal.ambiente.sp.gov.br\/acervo\/wp-json\/wp\/v2\/tnc_col_329_item\/15671"}],"collection":[{"href":"https:\/\/museuflorestal.ambiente.sp.gov.br\/acervo\/wp-json\/wp\/v2\/tnc_col_329_item"}],"about":[{"href":"https:\/\/museuflorestal.ambiente.sp.gov.br\/acervo\/wp-json\/wp\/v2\/types\/tnc_col_329_item"}],"replies":[{"embeddable":true,"href":"https:\/\/museuflorestal.ambiente.sp.gov.br\/acervo\/wp-json\/wp\/v2\/comments?post=15671"}],"version-history":[{"count":0,"href":"https:\/\/museuflorestal.ambiente.sp.gov.br\/acervo\/wp-json\/wp\/v2\/tnc_col_329_item\/15671\/revisions"}],"wp:featuredmedia":[{"embeddable":true,"href":"https:\/\/museuflorestal.ambiente.sp.gov.br\/acervo\/wp-json\/wp\/v2\/media\/15675"}],"wp:attachment":[{"href":"https:\/\/museuflorestal.ambiente.sp.gov.br\/acervo\/wp-json\/wp\/v2\/media?parent=15671"}],"curies":[{"name":"wp","href":"https:\/\/api.w.org\/{rel}","templated":true}]}}

<p>Taco retangular de madeira. Em uma das faces, fundo branco com desenho feito em grafite de fachada de prédio com torre no centro e, na parte inferior, cinco arcos aparentes e árvores ao redor. No verso há a inscrição &#8220;30&#8221; e a assinatura &#8220;Emilio Polloni&#8221;.</p>
