{"id":15684,"date":"2021-11-30T23:11:15","date_gmt":"2021-12-01T01:11:15","guid":{"rendered":"https:\/\/museuflorestal.ambiente.sp.gov.br\/acervo\/?post_type=tnc_col_329_item&#038;p=15684"},"modified":"2021-11-30T23:11:18","modified_gmt":"2021-12-01T01:11:18","slug":"taco-desenhado-no-33","status":"publish","type":"tnc_col_329_item","link":"https:\/\/museuflorestal.ambiente.sp.gov.br\/acervo\/museu-florestal-octavio-vecchi\/taco-desenhado-no-33\/","title":{"rendered":"Taco desenhado n\u00ba 33"},"content":{"rendered":"<p>Taco quadrado de madeira. Em uma das faces, fundo branco com desenho feito em grafite de uma flor maior e flores menores embaixo, emolduradas por detalhes arabescos. No verso h\u00e1 as inscri\u00e7\u00f5es &#8220;33&#8221; e &#8220;J. C. &#8220;.<\/p>\n","protected":false},"featured_media":15686,"parent":0,"menu_order":0,"comment_status":"closed","ping_status":"closed","template":"","format":"standard","_links":{"self":[{"href":"https:\/\/museuflorestal.ambiente.sp.gov.br\/acervo\/wp-json\/wp\/v2\/tnc_col_329_item\/15684"}],"collection":[{"href":"https:\/\/museuflorestal.ambiente.sp.gov.br\/acervo\/wp-json\/wp\/v2\/tnc_col_329_item"}],"about":[{"href":"https:\/\/museuflorestal.ambiente.sp.gov.br\/acervo\/wp-json\/wp\/v2\/types\/tnc_col_329_item"}],"replies":[{"embeddable":true,"href":"https:\/\/museuflorestal.ambiente.sp.gov.br\/acervo\/wp-json\/wp\/v2\/comments?post=15684"}],"version-history":[{"count":0,"href":"https:\/\/museuflorestal.ambiente.sp.gov.br\/acervo\/wp-json\/wp\/v2\/tnc_col_329_item\/15684\/revisions"}],"wp:featuredmedia":[{"embeddable":true,"href":"https:\/\/museuflorestal.ambiente.sp.gov.br\/acervo\/wp-json\/wp\/v2\/media\/15686"}],"wp:attachment":[{"href":"https:\/\/museuflorestal.ambiente.sp.gov.br\/acervo\/wp-json\/wp\/v2\/media?parent=15684"}],"curies":[{"name":"wp","href":"https:\/\/api.w.org\/{rel}","templated":true}]}}

Taco desenhado nº 33

<p>Taco quadrado de madeira. Em uma das faces, fundo branco com desenho feito em grafite de uma flor maior e flores menores embaixo, emolduradas por detalhes arabescos. No verso há as inscrições &#8220;33&#8221; e &#8220;J. C. &#8220;.</p>
