{"id":15694,"date":"2021-11-30T23:11:28","date_gmt":"2021-12-01T01:11:28","guid":{"rendered":"https:\/\/museuflorestal.ambiente.sp.gov.br\/acervo\/?post_type=tnc_col_329_item&#038;p=15694"},"modified":"2021-11-30T23:11:32","modified_gmt":"2021-12-01T01:11:32","slug":"taco-desenhado-no-36","status":"publish","type":"tnc_col_329_item","link":"https:\/\/museuflorestal.ambiente.sp.gov.br\/acervo\/museu-florestal-octavio-vecchi\/taco-desenhado-no-36\/","title":{"rendered":"Taco desenhado n\u00ba 36"},"content":{"rendered":"<p>Taco retangular de madeira. Em uma das faces, fundo branco com desenho feito em grafite de objeto pontiagudo com v\u00e1lvulas e bico na ponta. No verso h\u00e1 as inscri\u00e7\u00f5es &#8220;VI, 10-10-45&#8221;, &#8220;36&#8221; e a assinatura &#8220;Mario Pedro&#8221; a l\u00e1pis.<\/p>\n","protected":false},"featured_media":15696,"parent":0,"menu_order":0,"comment_status":"closed","ping_status":"closed","template":"","format":"standard","_links":{"self":[{"href":"https:\/\/museuflorestal.ambiente.sp.gov.br\/acervo\/wp-json\/wp\/v2\/tnc_col_329_item\/15694"}],"collection":[{"href":"https:\/\/museuflorestal.ambiente.sp.gov.br\/acervo\/wp-json\/wp\/v2\/tnc_col_329_item"}],"about":[{"href":"https:\/\/museuflorestal.ambiente.sp.gov.br\/acervo\/wp-json\/wp\/v2\/types\/tnc_col_329_item"}],"replies":[{"embeddable":true,"href":"https:\/\/museuflorestal.ambiente.sp.gov.br\/acervo\/wp-json\/wp\/v2\/comments?post=15694"}],"version-history":[{"count":0,"href":"https:\/\/museuflorestal.ambiente.sp.gov.br\/acervo\/wp-json\/wp\/v2\/tnc_col_329_item\/15694\/revisions"}],"wp:featuredmedia":[{"embeddable":true,"href":"https:\/\/museuflorestal.ambiente.sp.gov.br\/acervo\/wp-json\/wp\/v2\/media\/15696"}],"wp:attachment":[{"href":"https:\/\/museuflorestal.ambiente.sp.gov.br\/acervo\/wp-json\/wp\/v2\/media?parent=15694"}],"curies":[{"name":"wp","href":"https:\/\/api.w.org\/{rel}","templated":true}]}}

Taco desenhado nº 36

<p>Taco retangular de madeira. Em uma das faces, fundo branco com desenho feito em grafite de objeto pontiagudo com válvulas e bico na ponta. No verso há as inscrições &#8220;VI, 10-10-45&#8221;, &#8220;36&#8221; e a assinatura &#8220;Mario Pedro&#8221; a lápis.</p>
