{"id":15728,"date":"2021-11-30T23:12:27","date_gmt":"2021-12-01T01:12:27","guid":{"rendered":"https:\/\/museuflorestal.ambiente.sp.gov.br\/acervo\/?post_type=tnc_col_329_item&#038;p=15728"},"modified":"2021-11-30T23:12:30","modified_gmt":"2021-12-01T01:12:30","slug":"taco-desenhado-no-44","status":"publish","type":"tnc_col_329_item","link":"https:\/\/museuflorestal.ambiente.sp.gov.br\/acervo\/museu-florestal-octavio-vecchi\/taco-desenhado-no-44\/","title":{"rendered":"Taco desenhado n\u00ba 44"},"content":{"rendered":"<p>Taco retangular de madeira. Em uma das faces, fundo branco com desenho feito em grafite de boca de fogar\u00e9u com base redonda e al\u00e7a. No verso h\u00e1 as inscri\u00e7\u00f5es &#8220;44&#8221;, &#8220;IV&#8221;, &#8220;30-7-1945&#8221; e a assinatura a l\u00e1pis &#8220;Mario Pedro&#8221;.<\/p>\n","protected":false},"featured_media":15729,"parent":0,"menu_order":0,"comment_status":"closed","ping_status":"closed","template":"","format":"standard","_links":{"self":[{"href":"https:\/\/museuflorestal.ambiente.sp.gov.br\/acervo\/wp-json\/wp\/v2\/tnc_col_329_item\/15728"}],"collection":[{"href":"https:\/\/museuflorestal.ambiente.sp.gov.br\/acervo\/wp-json\/wp\/v2\/tnc_col_329_item"}],"about":[{"href":"https:\/\/museuflorestal.ambiente.sp.gov.br\/acervo\/wp-json\/wp\/v2\/types\/tnc_col_329_item"}],"replies":[{"embeddable":true,"href":"https:\/\/museuflorestal.ambiente.sp.gov.br\/acervo\/wp-json\/wp\/v2\/comments?post=15728"}],"version-history":[{"count":0,"href":"https:\/\/museuflorestal.ambiente.sp.gov.br\/acervo\/wp-json\/wp\/v2\/tnc_col_329_item\/15728\/revisions"}],"wp:featuredmedia":[{"embeddable":true,"href":"https:\/\/museuflorestal.ambiente.sp.gov.br\/acervo\/wp-json\/wp\/v2\/media\/15729"}],"wp:attachment":[{"href":"https:\/\/museuflorestal.ambiente.sp.gov.br\/acervo\/wp-json\/wp\/v2\/media?parent=15728"}],"curies":[{"name":"wp","href":"https:\/\/api.w.org\/{rel}","templated":true}]}}

Taco desenhado nº 44

<p>Taco retangular de madeira. Em uma das faces, fundo branco com desenho feito em grafite de boca de fogaréu com base redonda e alça. No verso há as inscrições &#8220;44&#8221;, &#8220;IV&#8221;, &#8220;30-7-1945&#8221; e a assinatura a lápis &#8220;Mario Pedro&#8221;.</p>
