{"id":15731,"date":"2021-11-30T23:12:32","date_gmt":"2021-12-01T01:12:32","guid":{"rendered":"https:\/\/museuflorestal.ambiente.sp.gov.br\/acervo\/?post_type=tnc_col_329_item&#038;p=15731"},"modified":"2021-11-30T23:12:35","modified_gmt":"2021-12-01T01:12:35","slug":"taco-desenhado-no-45","status":"publish","type":"tnc_col_329_item","link":"https:\/\/museuflorestal.ambiente.sp.gov.br\/acervo\/museu-florestal-octavio-vecchi\/taco-desenhado-no-45\/","title":{"rendered":"Taco desenhado n\u00ba 45"},"content":{"rendered":"<p>Taco quadrado de madeira. Em uma das faces, fundo branco com desenho feito em grafite de uma dobradi\u00e7a, cano e quatro porcas. No canto inferior direito h\u00e1 inscri\u00e7\u00e3o &#8220;3-6-1940&#8221; e a assinatura &#8220;L. Fernandes&#8221;. No verso h\u00e1 a inscri\u00e7\u00e3o &#8220;45&#8221; e a assinatura &#8220;L. Fernandes&#8221; a l\u00e1pis.<\/p>\n","protected":false},"featured_media":15734,"parent":0,"menu_order":0,"comment_status":"closed","ping_status":"closed","template":"","format":"standard","_links":{"self":[{"href":"https:\/\/museuflorestal.ambiente.sp.gov.br\/acervo\/wp-json\/wp\/v2\/tnc_col_329_item\/15731"}],"collection":[{"href":"https:\/\/museuflorestal.ambiente.sp.gov.br\/acervo\/wp-json\/wp\/v2\/tnc_col_329_item"}],"about":[{"href":"https:\/\/museuflorestal.ambiente.sp.gov.br\/acervo\/wp-json\/wp\/v2\/types\/tnc_col_329_item"}],"replies":[{"embeddable":true,"href":"https:\/\/museuflorestal.ambiente.sp.gov.br\/acervo\/wp-json\/wp\/v2\/comments?post=15731"}],"version-history":[{"count":0,"href":"https:\/\/museuflorestal.ambiente.sp.gov.br\/acervo\/wp-json\/wp\/v2\/tnc_col_329_item\/15731\/revisions"}],"wp:featuredmedia":[{"embeddable":true,"href":"https:\/\/museuflorestal.ambiente.sp.gov.br\/acervo\/wp-json\/wp\/v2\/media\/15734"}],"wp:attachment":[{"href":"https:\/\/museuflorestal.ambiente.sp.gov.br\/acervo\/wp-json\/wp\/v2\/media?parent=15731"}],"curies":[{"name":"wp","href":"https:\/\/api.w.org\/{rel}","templated":true}]}}

Taco desenhado nº 45

<p>Taco quadrado de madeira. Em uma das faces, fundo branco com desenho feito em grafite de uma dobradiça, cano e quatro porcas. No canto inferior direito há inscrição &#8220;3-6-1940&#8221; e a assinatura &#8220;L. Fernandes&#8221;. No verso há a inscrição &#8220;45&#8221; e a assinatura &#8220;L. Fernandes&#8221; a lápis.</p>
