{"id":15736,"date":"2021-11-30T23:12:38","date_gmt":"2021-12-01T01:12:38","guid":{"rendered":"https:\/\/museuflorestal.ambiente.sp.gov.br\/acervo\/?post_type=tnc_col_329_item&#038;p=15736"},"modified":"2021-11-30T23:12:41","modified_gmt":"2021-12-01T01:12:41","slug":"taco-desenhado-no-46","status":"publish","type":"tnc_col_329_item","link":"https:\/\/museuflorestal.ambiente.sp.gov.br\/acervo\/museu-florestal-octavio-vecchi\/taco-desenhado-no-46\/","title":{"rendered":"Taco desenhado n\u00ba 46"},"content":{"rendered":"<p>Taco retangular de madeira, com uma das pontas cortadas na diagonal. Em uma das faces, fundo branco com desenho feito em grafite de uma v\u00e1lvula, com o registro no meio, preso a uma estrutura circular que desemboca em tr\u00eas sa\u00eddas. No verso h\u00e1 as inscri\u00e7\u00f5es &#8220;46&#8221; e &#8220;11-II-44&#8221;.<\/p>\n","protected":false},"featured_media":15737,"parent":0,"menu_order":0,"comment_status":"closed","ping_status":"closed","template":"","format":"standard","_links":{"self":[{"href":"https:\/\/museuflorestal.ambiente.sp.gov.br\/acervo\/wp-json\/wp\/v2\/tnc_col_329_item\/15736"}],"collection":[{"href":"https:\/\/museuflorestal.ambiente.sp.gov.br\/acervo\/wp-json\/wp\/v2\/tnc_col_329_item"}],"about":[{"href":"https:\/\/museuflorestal.ambiente.sp.gov.br\/acervo\/wp-json\/wp\/v2\/types\/tnc_col_329_item"}],"replies":[{"embeddable":true,"href":"https:\/\/museuflorestal.ambiente.sp.gov.br\/acervo\/wp-json\/wp\/v2\/comments?post=15736"}],"version-history":[{"count":0,"href":"https:\/\/museuflorestal.ambiente.sp.gov.br\/acervo\/wp-json\/wp\/v2\/tnc_col_329_item\/15736\/revisions"}],"wp:featuredmedia":[{"embeddable":true,"href":"https:\/\/museuflorestal.ambiente.sp.gov.br\/acervo\/wp-json\/wp\/v2\/media\/15737"}],"wp:attachment":[{"href":"https:\/\/museuflorestal.ambiente.sp.gov.br\/acervo\/wp-json\/wp\/v2\/media?parent=15736"}],"curies":[{"name":"wp","href":"https:\/\/api.w.org\/{rel}","templated":true}]}}

Taco desenhado nº 46

<p>Taco retangular de madeira, com uma das pontas cortadas na diagonal. Em uma das faces, fundo branco com desenho feito em grafite de uma válvula, com o registro no meio, preso a uma estrutura circular que desemboca em três saídas. No verso há as inscrições &#8220;46&#8221; e &#8220;11-II-44&#8221;.</p>
