{"id":15780,"date":"2021-11-30T23:13:46","date_gmt":"2021-12-01T01:13:46","guid":{"rendered":"https:\/\/museuflorestal.ambiente.sp.gov.br\/acervo\/?post_type=tnc_col_329_item&#038;p=15780"},"modified":"2021-11-30T23:13:49","modified_gmt":"2021-12-01T01:13:49","slug":"taco-desenhado-no-57","status":"publish","type":"tnc_col_329_item","link":"https:\/\/museuflorestal.ambiente.sp.gov.br\/acervo\/museu-florestal-octavio-vecchi\/taco-desenhado-no-57\/","title":{"rendered":"Taco desenhado n\u00ba 57"},"content":{"rendered":"<p>Taco retangular de madeira, com corte diagonal em uma das laterais. Em uma das faces, fundo branco com desenho feito em grafite de uma v\u00e1lvula fixada em suporte circular, com dois canos laterais voltados para baixo. No verso h\u00e1 a inscri\u00e7\u00e3o &#8220;57&#8221;.<\/p>\n","protected":false},"featured_media":15781,"parent":0,"menu_order":0,"comment_status":"closed","ping_status":"closed","template":"","format":"standard","_links":{"self":[{"href":"https:\/\/museuflorestal.ambiente.sp.gov.br\/acervo\/wp-json\/wp\/v2\/tnc_col_329_item\/15780"}],"collection":[{"href":"https:\/\/museuflorestal.ambiente.sp.gov.br\/acervo\/wp-json\/wp\/v2\/tnc_col_329_item"}],"about":[{"href":"https:\/\/museuflorestal.ambiente.sp.gov.br\/acervo\/wp-json\/wp\/v2\/types\/tnc_col_329_item"}],"replies":[{"embeddable":true,"href":"https:\/\/museuflorestal.ambiente.sp.gov.br\/acervo\/wp-json\/wp\/v2\/comments?post=15780"}],"version-history":[{"count":0,"href":"https:\/\/museuflorestal.ambiente.sp.gov.br\/acervo\/wp-json\/wp\/v2\/tnc_col_329_item\/15780\/revisions"}],"wp:featuredmedia":[{"embeddable":true,"href":"https:\/\/museuflorestal.ambiente.sp.gov.br\/acervo\/wp-json\/wp\/v2\/media\/15781"}],"wp:attachment":[{"href":"https:\/\/museuflorestal.ambiente.sp.gov.br\/acervo\/wp-json\/wp\/v2\/media?parent=15780"}],"curies":[{"name":"wp","href":"https:\/\/api.w.org\/{rel}","templated":true}]}}

Taco desenhado nº 57

<p>Taco retangular de madeira, com corte diagonal em uma das laterais. Em uma das faces, fundo branco com desenho feito em grafite de uma válvula fixada em suporte circular, com dois canos laterais voltados para baixo. No verso há a inscrição &#8220;57&#8221;.</p>
