{"id":15790,"date":"2021-11-30T23:14:04","date_gmt":"2021-12-01T01:14:04","guid":{"rendered":"https:\/\/museuflorestal.ambiente.sp.gov.br\/acervo\/?post_type=tnc_col_329_item&#038;p=15790"},"modified":"2021-11-30T23:14:07","modified_gmt":"2021-12-01T01:14:07","slug":"taco-desenhado-no-59","status":"publish","type":"tnc_col_329_item","link":"https:\/\/museuflorestal.ambiente.sp.gov.br\/acervo\/museu-florestal-octavio-vecchi\/taco-desenhado-no-59\/","title":{"rendered":"Taco desenhado n\u00ba 59"},"content":{"rendered":"<p>Taco retangular de madeira. Em uma das faces, fundo branco com desenho feito em grafite de logo com f\u00e1bricas, flores e bras\u00f5es ao fundo e a inscri\u00e7\u00e3o espelhada &#8220;Progresso Privilegiado, Artigo Superior, S\u00e3o Paulo&#8221;. No verso h\u00e1 a inscri\u00e7\u00e3o &#8220;59&#8221;.<\/p>\n","protected":false},"featured_media":15791,"parent":0,"menu_order":0,"comment_status":"closed","ping_status":"closed","template":"","format":"standard","_links":{"self":[{"href":"https:\/\/museuflorestal.ambiente.sp.gov.br\/acervo\/wp-json\/wp\/v2\/tnc_col_329_item\/15790"}],"collection":[{"href":"https:\/\/museuflorestal.ambiente.sp.gov.br\/acervo\/wp-json\/wp\/v2\/tnc_col_329_item"}],"about":[{"href":"https:\/\/museuflorestal.ambiente.sp.gov.br\/acervo\/wp-json\/wp\/v2\/types\/tnc_col_329_item"}],"replies":[{"embeddable":true,"href":"https:\/\/museuflorestal.ambiente.sp.gov.br\/acervo\/wp-json\/wp\/v2\/comments?post=15790"}],"version-history":[{"count":0,"href":"https:\/\/museuflorestal.ambiente.sp.gov.br\/acervo\/wp-json\/wp\/v2\/tnc_col_329_item\/15790\/revisions"}],"wp:featuredmedia":[{"embeddable":true,"href":"https:\/\/museuflorestal.ambiente.sp.gov.br\/acervo\/wp-json\/wp\/v2\/media\/15791"}],"wp:attachment":[{"href":"https:\/\/museuflorestal.ambiente.sp.gov.br\/acervo\/wp-json\/wp\/v2\/media?parent=15790"}],"curies":[{"name":"wp","href":"https:\/\/api.w.org\/{rel}","templated":true}]}}

Taco desenhado nº 59

<p>Taco retangular de madeira. Em uma das faces, fundo branco com desenho feito em grafite de logo com fábricas, flores e brasões ao fundo e a inscrição espelhada &#8220;Progresso Privilegiado, Artigo Superior, São Paulo&#8221;. No verso há a inscrição &#8220;59&#8221;.</p>
