{"id":15793,"date":"2021-11-30T23:14:10","date_gmt":"2021-12-01T01:14:10","guid":{"rendered":"https:\/\/museuflorestal.ambiente.sp.gov.br\/acervo\/?post_type=tnc_col_329_item&#038;p=15793"},"modified":"2021-11-30T23:14:12","modified_gmt":"2021-12-01T01:14:12","slug":"taco-desenhado-no-60","status":"publish","type":"tnc_col_329_item","link":"https:\/\/museuflorestal.ambiente.sp.gov.br\/acervo\/museu-florestal-octavio-vecchi\/taco-desenhado-no-60\/","title":{"rendered":"Taco desenhado n\u00ba 60"},"content":{"rendered":"<p>Taco retangular de madeira. Em uma das faces, fundo branco com desenho feito em grafite de &#8220;Ex-libris Servi\u00e7o Florestal&#8221;, com logo e esbo\u00e7o do pr\u00e9dio do Instituto Florestal. No verso h\u00e1 as inscri\u00e7\u00f5es a l\u00e1pis &#8220;Adolf Kohler&#8221; e &#8220;60&#8221;.<\/p>\n","protected":false},"featured_media":15794,"parent":0,"menu_order":0,"comment_status":"closed","ping_status":"closed","template":"","format":"standard","_links":{"self":[{"href":"https:\/\/museuflorestal.ambiente.sp.gov.br\/acervo\/wp-json\/wp\/v2\/tnc_col_329_item\/15793"}],"collection":[{"href":"https:\/\/museuflorestal.ambiente.sp.gov.br\/acervo\/wp-json\/wp\/v2\/tnc_col_329_item"}],"about":[{"href":"https:\/\/museuflorestal.ambiente.sp.gov.br\/acervo\/wp-json\/wp\/v2\/types\/tnc_col_329_item"}],"replies":[{"embeddable":true,"href":"https:\/\/museuflorestal.ambiente.sp.gov.br\/acervo\/wp-json\/wp\/v2\/comments?post=15793"}],"version-history":[{"count":0,"href":"https:\/\/museuflorestal.ambiente.sp.gov.br\/acervo\/wp-json\/wp\/v2\/tnc_col_329_item\/15793\/revisions"}],"wp:featuredmedia":[{"embeddable":true,"href":"https:\/\/museuflorestal.ambiente.sp.gov.br\/acervo\/wp-json\/wp\/v2\/media\/15794"}],"wp:attachment":[{"href":"https:\/\/museuflorestal.ambiente.sp.gov.br\/acervo\/wp-json\/wp\/v2\/media?parent=15793"}],"curies":[{"name":"wp","href":"https:\/\/api.w.org\/{rel}","templated":true}]}}

Taco desenhado nº 60

<p>Taco retangular de madeira. Em uma das faces, fundo branco com desenho feito em grafite de &#8220;Ex-libris Serviço Florestal&#8221;, com logo e esboço do prédio do Instituto Florestal. No verso há as inscrições a lápis &#8220;Adolf Kohler&#8221; e &#8220;60&#8221;.</p>
