{"id":15803,"date":"2021-11-30T23:14:26","date_gmt":"2021-12-01T01:14:26","guid":{"rendered":"https:\/\/museuflorestal.ambiente.sp.gov.br\/acervo\/?post_type=tnc_col_329_item&#038;p=15803"},"modified":"2021-11-30T23:14:29","modified_gmt":"2021-12-01T01:14:29","slug":"taco-desenhado-no-63","status":"publish","type":"tnc_col_329_item","link":"https:\/\/museuflorestal.ambiente.sp.gov.br\/acervo\/museu-florestal-octavio-vecchi\/taco-desenhado-no-63\/","title":{"rendered":"Taco desenhado n\u00ba 63"},"content":{"rendered":"<p>Taco retangular de madeira. Em uma das faces, fundo branco com desenho feito em grafite de rev\u00f3lver com o nome [MV?] no punho. No verso h\u00e1 as inscri\u00e7\u00f5es &#8220;63&#8221;, &#8220;VIV&#8221; e &#8220;21-12-45&#8221;.<\/p>\n","protected":false},"featured_media":15806,"parent":0,"menu_order":0,"comment_status":"closed","ping_status":"closed","template":"","format":"standard","_links":{"self":[{"href":"https:\/\/museuflorestal.ambiente.sp.gov.br\/acervo\/wp-json\/wp\/v2\/tnc_col_329_item\/15803"}],"collection":[{"href":"https:\/\/museuflorestal.ambiente.sp.gov.br\/acervo\/wp-json\/wp\/v2\/tnc_col_329_item"}],"about":[{"href":"https:\/\/museuflorestal.ambiente.sp.gov.br\/acervo\/wp-json\/wp\/v2\/types\/tnc_col_329_item"}],"replies":[{"embeddable":true,"href":"https:\/\/museuflorestal.ambiente.sp.gov.br\/acervo\/wp-json\/wp\/v2\/comments?post=15803"}],"version-history":[{"count":0,"href":"https:\/\/museuflorestal.ambiente.sp.gov.br\/acervo\/wp-json\/wp\/v2\/tnc_col_329_item\/15803\/revisions"}],"wp:featuredmedia":[{"embeddable":true,"href":"https:\/\/museuflorestal.ambiente.sp.gov.br\/acervo\/wp-json\/wp\/v2\/media\/15806"}],"wp:attachment":[{"href":"https:\/\/museuflorestal.ambiente.sp.gov.br\/acervo\/wp-json\/wp\/v2\/media?parent=15803"}],"curies":[{"name":"wp","href":"https:\/\/api.w.org\/{rel}","templated":true}]}}

Taco desenhado nº 63

<p>Taco retangular de madeira. Em uma das faces, fundo branco com desenho feito em grafite de revólver com o nome [MV?] no punho. No verso há as inscrições &#8220;63&#8221;, &#8220;VIV&#8221; e &#8220;21-12-45&#8221;.</p>
