{"id":15811,"date":"2021-11-30T23:14:37","date_gmt":"2021-12-01T01:14:37","guid":{"rendered":"https:\/\/museuflorestal.ambiente.sp.gov.br\/acervo\/?post_type=tnc_col_329_item&#038;p=15811"},"modified":"2021-11-30T23:14:40","modified_gmt":"2021-12-01T01:14:40","slug":"taco-desenhado-no-65","status":"publish","type":"tnc_col_329_item","link":"https:\/\/museuflorestal.ambiente.sp.gov.br\/acervo\/museu-florestal-octavio-vecchi\/taco-desenhado-no-65\/","title":{"rendered":"Taco desenhado n\u00ba 65"},"content":{"rendered":"<p>Taco retangular de madeira, com um corte diagonal em uma das laterais. Em uma das faces, fundo branco com desenho feito em grafite de canivete fechado, com argola na ponta. No verso h\u00e1 a inscri\u00e7\u00e3o &#8220;65&#8221;.<\/p>\n","protected":false},"featured_media":15812,"parent":0,"menu_order":0,"comment_status":"closed","ping_status":"closed","template":"","format":"standard","_links":{"self":[{"href":"https:\/\/museuflorestal.ambiente.sp.gov.br\/acervo\/wp-json\/wp\/v2\/tnc_col_329_item\/15811"}],"collection":[{"href":"https:\/\/museuflorestal.ambiente.sp.gov.br\/acervo\/wp-json\/wp\/v2\/tnc_col_329_item"}],"about":[{"href":"https:\/\/museuflorestal.ambiente.sp.gov.br\/acervo\/wp-json\/wp\/v2\/types\/tnc_col_329_item"}],"replies":[{"embeddable":true,"href":"https:\/\/museuflorestal.ambiente.sp.gov.br\/acervo\/wp-json\/wp\/v2\/comments?post=15811"}],"version-history":[{"count":0,"href":"https:\/\/museuflorestal.ambiente.sp.gov.br\/acervo\/wp-json\/wp\/v2\/tnc_col_329_item\/15811\/revisions"}],"wp:featuredmedia":[{"embeddable":true,"href":"https:\/\/museuflorestal.ambiente.sp.gov.br\/acervo\/wp-json\/wp\/v2\/media\/15812"}],"wp:attachment":[{"href":"https:\/\/museuflorestal.ambiente.sp.gov.br\/acervo\/wp-json\/wp\/v2\/media?parent=15811"}],"curies":[{"name":"wp","href":"https:\/\/api.w.org\/{rel}","templated":true}]}}

Taco desenhado nº 65

<p>Taco retangular de madeira, com um corte diagonal em uma das laterais. Em uma das faces, fundo branco com desenho feito em grafite de canivete fechado, com argola na ponta. No verso há a inscrição &#8220;65&#8221;.</p>
