{"id":15824,"date":"2021-11-30T23:15:01","date_gmt":"2021-12-01T01:15:01","guid":{"rendered":"https:\/\/museuflorestal.ambiente.sp.gov.br\/acervo\/?post_type=tnc_col_329_item&#038;p=15824"},"modified":"2021-11-30T23:15:04","modified_gmt":"2021-12-01T01:15:04","slug":"taco-desenhado-no-69","status":"publish","type":"tnc_col_329_item","link":"https:\/\/museuflorestal.ambiente.sp.gov.br\/acervo\/museu-florestal-octavio-vecchi\/taco-desenhado-no-69\/","title":{"rendered":"Taco desenhado n\u00ba 69"},"content":{"rendered":"<p>Taco retangular de madeira. Em uma das faces, fundo branco com desenho feito em grafite de paisagem com figura masculina em cima de um trator agr\u00edcola, com montanhas e \u00e1rvores ao fundo. No topo h\u00e1 a inscri\u00e7\u00e3o espelhada &#8220;Aumentamos a produ\u00e7\u00e3o mecanizando a lavoura&#8221; e, na parte inferior, a inscri\u00e7\u00e3o &#8220;D. E. M. A&#8221;. No verso, na face de madeira, escrito \u00e0 caneta preta na extremidade, h\u00e1 o n\u00famero &#8220;69&#8221;.<\/p>\n","protected":false},"featured_media":15825,"parent":0,"menu_order":0,"comment_status":"closed","ping_status":"closed","template":"","format":"standard","_links":{"self":[{"href":"https:\/\/museuflorestal.ambiente.sp.gov.br\/acervo\/wp-json\/wp\/v2\/tnc_col_329_item\/15824"}],"collection":[{"href":"https:\/\/museuflorestal.ambiente.sp.gov.br\/acervo\/wp-json\/wp\/v2\/tnc_col_329_item"}],"about":[{"href":"https:\/\/museuflorestal.ambiente.sp.gov.br\/acervo\/wp-json\/wp\/v2\/types\/tnc_col_329_item"}],"replies":[{"embeddable":true,"href":"https:\/\/museuflorestal.ambiente.sp.gov.br\/acervo\/wp-json\/wp\/v2\/comments?post=15824"}],"version-history":[{"count":0,"href":"https:\/\/museuflorestal.ambiente.sp.gov.br\/acervo\/wp-json\/wp\/v2\/tnc_col_329_item\/15824\/revisions"}],"wp:featuredmedia":[{"embeddable":true,"href":"https:\/\/museuflorestal.ambiente.sp.gov.br\/acervo\/wp-json\/wp\/v2\/media\/15825"}],"wp:attachment":[{"href":"https:\/\/museuflorestal.ambiente.sp.gov.br\/acervo\/wp-json\/wp\/v2\/media?parent=15824"}],"curies":[{"name":"wp","href":"https:\/\/api.w.org\/{rel}","templated":true}]}}

Taco desenhado nº 69

<p>Taco retangular de madeira. Em uma das faces, fundo branco com desenho feito em grafite de paisagem com figura masculina em cima de um trator agrícola, com montanhas e árvores ao fundo. No topo há a inscrição espelhada &#8220;Aumentamos a produção mecanizando a lavoura&#8221; e, na parte inferior, a inscrição &#8220;D. E. M. A&#8221;. No verso, na face de madeira, escrito à caneta preta na extremidade, há o número &#8220;69&#8221;.</p>
