{"id":15847,"date":"2021-11-30T23:15:44","date_gmt":"2021-12-01T01:15:44","guid":{"rendered":"https:\/\/museuflorestal.ambiente.sp.gov.br\/acervo\/?post_type=tnc_col_329_item&#038;p=15847"},"modified":"2021-11-30T23:15:47","modified_gmt":"2021-12-01T01:15:47","slug":"taco-desenhado-no-76","status":"publish","type":"tnc_col_329_item","link":"https:\/\/museuflorestal.ambiente.sp.gov.br\/acervo\/museu-florestal-octavio-vecchi\/taco-desenhado-no-76\/","title":{"rendered":"Taco desenhado n\u00ba 76"},"content":{"rendered":"<p>Taco retangular de madeira, com corte diagonal em uma das laterais. Em uma das faces, fundo branco com desenho feito em grafite de corte longitudinal de v\u00e1lvula com duas sa\u00eddas. No canto superior esquerdo h\u00e1 a inscri\u00e7\u00e3o &#8220;III&#8221;. No verso h\u00e1 as inscri\u00e7\u00f5es &#8220;25-8-1949&#8221; e &#8220;76&#8221;.<\/p>\n","protected":false},"featured_media":15848,"parent":0,"menu_order":0,"comment_status":"closed","ping_status":"closed","template":"","format":"standard","_links":{"self":[{"href":"https:\/\/museuflorestal.ambiente.sp.gov.br\/acervo\/wp-json\/wp\/v2\/tnc_col_329_item\/15847"}],"collection":[{"href":"https:\/\/museuflorestal.ambiente.sp.gov.br\/acervo\/wp-json\/wp\/v2\/tnc_col_329_item"}],"about":[{"href":"https:\/\/museuflorestal.ambiente.sp.gov.br\/acervo\/wp-json\/wp\/v2\/types\/tnc_col_329_item"}],"replies":[{"embeddable":true,"href":"https:\/\/museuflorestal.ambiente.sp.gov.br\/acervo\/wp-json\/wp\/v2\/comments?post=15847"}],"version-history":[{"count":0,"href":"https:\/\/museuflorestal.ambiente.sp.gov.br\/acervo\/wp-json\/wp\/v2\/tnc_col_329_item\/15847\/revisions"}],"wp:featuredmedia":[{"embeddable":true,"href":"https:\/\/museuflorestal.ambiente.sp.gov.br\/acervo\/wp-json\/wp\/v2\/media\/15848"}],"wp:attachment":[{"href":"https:\/\/museuflorestal.ambiente.sp.gov.br\/acervo\/wp-json\/wp\/v2\/media?parent=15847"}],"curies":[{"name":"wp","href":"https:\/\/api.w.org\/{rel}","templated":true}]}}

Taco desenhado nº 76

<p>Taco retangular de madeira, com corte diagonal em uma das laterais. Em uma das faces, fundo branco com desenho feito em grafite de corte longitudinal de válvula com duas saídas. No canto superior esquerdo há a inscrição &#8220;III&#8221;. No verso há as inscrições &#8220;25-8-1949&#8221; e &#8220;76&#8221;.</p>
