{"id":15850,"date":"2021-11-30T23:15:49","date_gmt":"2021-12-01T01:15:49","guid":{"rendered":"https:\/\/museuflorestal.ambiente.sp.gov.br\/acervo\/?post_type=tnc_col_329_item&#038;p=15850"},"modified":"2021-11-30T23:15:52","modified_gmt":"2021-12-01T01:15:52","slug":"taco-desenhado-no-77","status":"publish","type":"tnc_col_329_item","link":"https:\/\/museuflorestal.ambiente.sp.gov.br\/acervo\/museu-florestal-octavio-vecchi\/taco-desenhado-no-77\/","title":{"rendered":"Taco desenhado n\u00ba 77"},"content":{"rendered":"<p>Taco retangular de madeira. Em uma das faces, fundo branco com desenho feito em grafite de cabe\u00e7a de martelo na parte superior e duas v\u00e1lvulas, uma preenchida e outra n\u00e3o. No topo h\u00e1 a inscri\u00e7\u00e3o &#8220;M. V. 3-8-40&#8221;. No verso h\u00e1 as inscri\u00e7\u00f5es &#8220;77&#8221; e &#8220;I&#8221;.<\/p>\n","protected":false},"featured_media":15851,"parent":0,"menu_order":0,"comment_status":"closed","ping_status":"closed","template":"","format":"standard","_links":{"self":[{"href":"https:\/\/museuflorestal.ambiente.sp.gov.br\/acervo\/wp-json\/wp\/v2\/tnc_col_329_item\/15850"}],"collection":[{"href":"https:\/\/museuflorestal.ambiente.sp.gov.br\/acervo\/wp-json\/wp\/v2\/tnc_col_329_item"}],"about":[{"href":"https:\/\/museuflorestal.ambiente.sp.gov.br\/acervo\/wp-json\/wp\/v2\/types\/tnc_col_329_item"}],"replies":[{"embeddable":true,"href":"https:\/\/museuflorestal.ambiente.sp.gov.br\/acervo\/wp-json\/wp\/v2\/comments?post=15850"}],"version-history":[{"count":0,"href":"https:\/\/museuflorestal.ambiente.sp.gov.br\/acervo\/wp-json\/wp\/v2\/tnc_col_329_item\/15850\/revisions"}],"wp:featuredmedia":[{"embeddable":true,"href":"https:\/\/museuflorestal.ambiente.sp.gov.br\/acervo\/wp-json\/wp\/v2\/media\/15851"}],"wp:attachment":[{"href":"https:\/\/museuflorestal.ambiente.sp.gov.br\/acervo\/wp-json\/wp\/v2\/media?parent=15850"}],"curies":[{"name":"wp","href":"https:\/\/api.w.org\/{rel}","templated":true}]}}

Taco desenhado nº 77

<p>Taco retangular de madeira. Em uma das faces, fundo branco com desenho feito em grafite de cabeça de martelo na parte superior e duas válvulas, uma preenchida e outra não. No topo há a inscrição &#8220;M. V. 3-8-40&#8221;. No verso há as inscrições &#8220;77&#8221; e &#8220;I&#8221;.</p>
