{"id":15972,"date":"2021-11-30T23:19:30","date_gmt":"2021-12-01T01:19:30","guid":{"rendered":"https:\/\/museuflorestal.ambiente.sp.gov.br\/acervo\/?post_type=tnc_col_329_item&#038;p=15972"},"modified":"2021-11-30T23:19:33","modified_gmt":"2021-12-01T01:19:33","slug":"taco-desenhado-no-115","status":"publish","type":"tnc_col_329_item","link":"https:\/\/museuflorestal.ambiente.sp.gov.br\/acervo\/museu-florestal-octavio-vecchi\/taco-desenhado-no-115\/","title":{"rendered":"Taco desenhado n\u00ba 115"},"content":{"rendered":"<p>Taco retangular de madeira. Em uma das faces, fundo branco com desenho feito em grafite de uma ponta alongada e segmentada. No verso h\u00e1 as inscri\u00e7\u00f5es &#8220;115&#8221;, &#8220;35&#8221;, &#8220;2. XII. 43&#8221; e a assinatura &#8220;Ramos&#8221;.<\/p>\n","protected":false},"featured_media":15973,"parent":0,"menu_order":0,"comment_status":"closed","ping_status":"closed","template":"","format":"standard","_links":{"self":[{"href":"https:\/\/museuflorestal.ambiente.sp.gov.br\/acervo\/wp-json\/wp\/v2\/tnc_col_329_item\/15972"}],"collection":[{"href":"https:\/\/museuflorestal.ambiente.sp.gov.br\/acervo\/wp-json\/wp\/v2\/tnc_col_329_item"}],"about":[{"href":"https:\/\/museuflorestal.ambiente.sp.gov.br\/acervo\/wp-json\/wp\/v2\/types\/tnc_col_329_item"}],"replies":[{"embeddable":true,"href":"https:\/\/museuflorestal.ambiente.sp.gov.br\/acervo\/wp-json\/wp\/v2\/comments?post=15972"}],"version-history":[{"count":0,"href":"https:\/\/museuflorestal.ambiente.sp.gov.br\/acervo\/wp-json\/wp\/v2\/tnc_col_329_item\/15972\/revisions"}],"wp:featuredmedia":[{"embeddable":true,"href":"https:\/\/museuflorestal.ambiente.sp.gov.br\/acervo\/wp-json\/wp\/v2\/media\/15973"}],"wp:attachment":[{"href":"https:\/\/museuflorestal.ambiente.sp.gov.br\/acervo\/wp-json\/wp\/v2\/media?parent=15972"}],"curies":[{"name":"wp","href":"https:\/\/api.w.org\/{rel}","templated":true}]}}

Taco desenhado nº 115

<p>Taco retangular de madeira. Em uma das faces, fundo branco com desenho feito em grafite de uma ponta alongada e segmentada. No verso há as inscrições &#8220;115&#8221;, &#8220;35&#8221;, &#8220;2. XII. 43&#8221; e a assinatura &#8220;Ramos&#8221;.</p>
