{"id":16110,"date":"2021-11-30T23:23:33","date_gmt":"2021-12-01T01:23:33","guid":{"rendered":"https:\/\/museuflorestal.ambiente.sp.gov.br\/acervo\/?post_type=tnc_col_329_item&#038;p=16110"},"modified":"2021-11-30T23:23:35","modified_gmt":"2021-12-01T01:23:35","slug":"taco-desenhado-no-157","status":"publish","type":"tnc_col_329_item","link":"https:\/\/museuflorestal.ambiente.sp.gov.br\/acervo\/museu-florestal-octavio-vecchi\/taco-desenhado-no-157\/","title":{"rendered":"Taco desenhado n\u00ba 157"},"content":{"rendered":"<p>Taco retangular de madeira. Em uma das faces, fundo branco com desenho feito em grafite de moldura oval com detalhes curvos com a inscri\u00e7\u00e3o espelhada na parte interna &#8220;Creme de Sab\u00e3o Beija Fl\u00f4r&#8221;. No verso h\u00e1 as inscri\u00e7\u00f5es &#8220;4-4-45&#8243;,&#8221;157&#8221; e a assinatura &#8220;Mario Pedro&#8221; a l\u00e1pis.<\/p>\n","protected":false},"featured_media":16111,"parent":0,"menu_order":0,"comment_status":"closed","ping_status":"closed","template":"","format":"standard","_links":{"self":[{"href":"https:\/\/museuflorestal.ambiente.sp.gov.br\/acervo\/wp-json\/wp\/v2\/tnc_col_329_item\/16110"}],"collection":[{"href":"https:\/\/museuflorestal.ambiente.sp.gov.br\/acervo\/wp-json\/wp\/v2\/tnc_col_329_item"}],"about":[{"href":"https:\/\/museuflorestal.ambiente.sp.gov.br\/acervo\/wp-json\/wp\/v2\/types\/tnc_col_329_item"}],"replies":[{"embeddable":true,"href":"https:\/\/museuflorestal.ambiente.sp.gov.br\/acervo\/wp-json\/wp\/v2\/comments?post=16110"}],"version-history":[{"count":0,"href":"https:\/\/museuflorestal.ambiente.sp.gov.br\/acervo\/wp-json\/wp\/v2\/tnc_col_329_item\/16110\/revisions"}],"wp:featuredmedia":[{"embeddable":true,"href":"https:\/\/museuflorestal.ambiente.sp.gov.br\/acervo\/wp-json\/wp\/v2\/media\/16111"}],"wp:attachment":[{"href":"https:\/\/museuflorestal.ambiente.sp.gov.br\/acervo\/wp-json\/wp\/v2\/media?parent=16110"}],"curies":[{"name":"wp","href":"https:\/\/api.w.org\/{rel}","templated":true}]}}

Taco desenhado nº 157

<p>Taco retangular de madeira. Em uma das faces, fundo branco com desenho feito em grafite de moldura oval com detalhes curvos com a inscrição espelhada na parte interna &#8220;Creme de Sabão Beija Flôr&#8221;. No verso há as inscrições &#8220;4-4-45&#8243;,&#8221;157&#8221; e a assinatura &#8220;Mario Pedro&#8221; a lápis.</p>
