{"id":16116,"date":"2021-11-30T23:23:44","date_gmt":"2021-12-01T01:23:44","guid":{"rendered":"https:\/\/museuflorestal.ambiente.sp.gov.br\/acervo\/?post_type=tnc_col_329_item&#038;p=16116"},"modified":"2021-11-30T23:23:47","modified_gmt":"2021-12-01T01:23:47","slug":"taco-desenhado-no-159","status":"publish","type":"tnc_col_329_item","link":"https:\/\/museuflorestal.ambiente.sp.gov.br\/acervo\/museu-florestal-octavio-vecchi\/taco-desenhado-no-159\/","title":{"rendered":"Taco desenhado n\u00ba 159"},"content":{"rendered":"<p>Taco retangular de madeira. Em uma das faces, fundo branco com desenho feito em grafite de cabe\u00e7a de marreta. No canto superior esquerdo h\u00e1 a inscri\u00e7\u00e3o &#8220;I&#8221;. No verso h\u00e1 as inscri\u00e7\u00f5es &#8220;159&#8221;, &#8220;W. R. &#8221; e &#8220;23. 6-42&#8221;.<\/p>\n","protected":false},"featured_media":16117,"parent":0,"menu_order":0,"comment_status":"closed","ping_status":"closed","template":"","format":"standard","_links":{"self":[{"href":"https:\/\/museuflorestal.ambiente.sp.gov.br\/acervo\/wp-json\/wp\/v2\/tnc_col_329_item\/16116"}],"collection":[{"href":"https:\/\/museuflorestal.ambiente.sp.gov.br\/acervo\/wp-json\/wp\/v2\/tnc_col_329_item"}],"about":[{"href":"https:\/\/museuflorestal.ambiente.sp.gov.br\/acervo\/wp-json\/wp\/v2\/types\/tnc_col_329_item"}],"replies":[{"embeddable":true,"href":"https:\/\/museuflorestal.ambiente.sp.gov.br\/acervo\/wp-json\/wp\/v2\/comments?post=16116"}],"version-history":[{"count":0,"href":"https:\/\/museuflorestal.ambiente.sp.gov.br\/acervo\/wp-json\/wp\/v2\/tnc_col_329_item\/16116\/revisions"}],"wp:featuredmedia":[{"embeddable":true,"href":"https:\/\/museuflorestal.ambiente.sp.gov.br\/acervo\/wp-json\/wp\/v2\/media\/16117"}],"wp:attachment":[{"href":"https:\/\/museuflorestal.ambiente.sp.gov.br\/acervo\/wp-json\/wp\/v2\/media?parent=16116"}],"curies":[{"name":"wp","href":"https:\/\/api.w.org\/{rel}","templated":true}]}}

Taco desenhado nº 159

<p>Taco retangular de madeira. Em uma das faces, fundo branco com desenho feito em grafite de cabeça de marreta. No canto superior esquerdo há a inscrição &#8220;I&#8221;. No verso há as inscrições &#8220;159&#8221;, &#8220;W. R. &#8221; e &#8220;23. 6-42&#8221;.</p>
