{"id":16127,"date":"2021-11-30T23:24:01","date_gmt":"2021-12-01T01:24:01","guid":{"rendered":"https:\/\/museuflorestal.ambiente.sp.gov.br\/acervo\/?post_type=tnc_col_329_item&#038;p=16127"},"modified":"2021-11-30T23:24:04","modified_gmt":"2021-12-01T01:24:04","slug":"taco-desenhado-no-162","status":"publish","type":"tnc_col_329_item","link":"https:\/\/museuflorestal.ambiente.sp.gov.br\/acervo\/museu-florestal-octavio-vecchi\/taco-desenhado-no-162\/","title":{"rendered":"Taco desenhado n\u00ba 162"},"content":{"rendered":"<p>Taco retangular de madeira. Em uma das faces, fundo branco com desenho feito em grafite de paisagem com um edif\u00edcio de esquina ao centro, e ruas com cal\u00e7ada. No c\u00e9u h\u00e1 aves voando. No verso h\u00e1 as inscri\u00e7\u00f5es &#8220;11-10-41&#8221;, &#8220;\u00faltima&#8221;, &#8220;101&#8221; e &#8220;162&#8221;.<\/p>\n","protected":false},"featured_media":16128,"parent":0,"menu_order":0,"comment_status":"closed","ping_status":"closed","template":"","format":"standard","_links":{"self":[{"href":"https:\/\/museuflorestal.ambiente.sp.gov.br\/acervo\/wp-json\/wp\/v2\/tnc_col_329_item\/16127"}],"collection":[{"href":"https:\/\/museuflorestal.ambiente.sp.gov.br\/acervo\/wp-json\/wp\/v2\/tnc_col_329_item"}],"about":[{"href":"https:\/\/museuflorestal.ambiente.sp.gov.br\/acervo\/wp-json\/wp\/v2\/types\/tnc_col_329_item"}],"replies":[{"embeddable":true,"href":"https:\/\/museuflorestal.ambiente.sp.gov.br\/acervo\/wp-json\/wp\/v2\/comments?post=16127"}],"version-history":[{"count":0,"href":"https:\/\/museuflorestal.ambiente.sp.gov.br\/acervo\/wp-json\/wp\/v2\/tnc_col_329_item\/16127\/revisions"}],"wp:featuredmedia":[{"embeddable":true,"href":"https:\/\/museuflorestal.ambiente.sp.gov.br\/acervo\/wp-json\/wp\/v2\/media\/16128"}],"wp:attachment":[{"href":"https:\/\/museuflorestal.ambiente.sp.gov.br\/acervo\/wp-json\/wp\/v2\/media?parent=16127"}],"curies":[{"name":"wp","href":"https:\/\/api.w.org\/{rel}","templated":true}]}}

Taco desenhado nº 162

<p>Taco retangular de madeira. Em uma das faces, fundo branco com desenho feito em grafite de paisagem com um edifício de esquina ao centro, e ruas com calçada. No céu há aves voando. No verso há as inscrições &#8220;11-10-41&#8221;, &#8220;última&#8221;, &#8220;101&#8221; e &#8220;162&#8221;.</p>
