{"id":16134,"date":"2021-11-30T23:24:15","date_gmt":"2021-12-01T01:24:15","guid":{"rendered":"https:\/\/museuflorestal.ambiente.sp.gov.br\/acervo\/?post_type=tnc_col_329_item&#038;p=16134"},"modified":"2021-11-30T23:24:17","modified_gmt":"2021-12-01T01:24:17","slug":"taco-desenhado-no-164","status":"publish","type":"tnc_col_329_item","link":"https:\/\/museuflorestal.ambiente.sp.gov.br\/acervo\/museu-florestal-octavio-vecchi\/taco-desenhado-no-164\/","title":{"rendered":"Taco desenhado n\u00ba 164"},"content":{"rendered":"<p>Taco retangular de madeira. Em uma das faces, fundo branco com desenho feito em grafite de parafuso gancho, acima dele, objeto de cabo paralelepip\u00e9dico e cabe\u00e7a c\u00f4nica. No verso h\u00e1 as inscri\u00e7\u00f5es &#8220;13-4-45&#8221;, &#8220;164&#8221; e a assinatura &#8220;Mario Pedro&#8221; \u00e0 l\u00e1pis.<\/p>\n","protected":false},"featured_media":16135,"parent":0,"menu_order":0,"comment_status":"closed","ping_status":"closed","template":"","format":"standard","_links":{"self":[{"href":"https:\/\/museuflorestal.ambiente.sp.gov.br\/acervo\/wp-json\/wp\/v2\/tnc_col_329_item\/16134"}],"collection":[{"href":"https:\/\/museuflorestal.ambiente.sp.gov.br\/acervo\/wp-json\/wp\/v2\/tnc_col_329_item"}],"about":[{"href":"https:\/\/museuflorestal.ambiente.sp.gov.br\/acervo\/wp-json\/wp\/v2\/types\/tnc_col_329_item"}],"replies":[{"embeddable":true,"href":"https:\/\/museuflorestal.ambiente.sp.gov.br\/acervo\/wp-json\/wp\/v2\/comments?post=16134"}],"version-history":[{"count":0,"href":"https:\/\/museuflorestal.ambiente.sp.gov.br\/acervo\/wp-json\/wp\/v2\/tnc_col_329_item\/16134\/revisions"}],"wp:featuredmedia":[{"embeddable":true,"href":"https:\/\/museuflorestal.ambiente.sp.gov.br\/acervo\/wp-json\/wp\/v2\/media\/16135"}],"wp:attachment":[{"href":"https:\/\/museuflorestal.ambiente.sp.gov.br\/acervo\/wp-json\/wp\/v2\/media?parent=16134"}],"curies":[{"name":"wp","href":"https:\/\/api.w.org\/{rel}","templated":true}]}}

Taco desenhado nº 164

<p>Taco retangular de madeira. Em uma das faces, fundo branco com desenho feito em grafite de parafuso gancho, acima dele, objeto de cabo paralelepipédico e cabeça cônica. No verso há as inscrições &#8220;13-4-45&#8221;, &#8220;164&#8221; e a assinatura &#8220;Mario Pedro&#8221; à lápis.</p>
