{"id":16159,"date":"2021-11-30T23:25:00","date_gmt":"2021-12-01T01:25:00","guid":{"rendered":"https:\/\/museuflorestal.ambiente.sp.gov.br\/acervo\/?post_type=tnc_col_329_item&#038;p=16159"},"modified":"2021-11-30T23:25:03","modified_gmt":"2021-12-01T01:25:03","slug":"taco-desenhado-no-171","status":"publish","type":"tnc_col_329_item","link":"https:\/\/museuflorestal.ambiente.sp.gov.br\/acervo\/museu-florestal-octavio-vecchi\/taco-desenhado-no-171\/","title":{"rendered":"Taco desenhado n\u00ba 171"},"content":{"rendered":"<p>Taco retangular de madeira. Em uma das faces, fundo branco com desenho feito em grafite de m\u00e1quina de datilografia. No canto inferior esquerdo h\u00e1 a assinatura &#8220;Cl\u00e1udio&#8221;. No verso h\u00e1 as inscri\u00e7\u00f5es &#8220;171&#8221; e &#8220;11-2-43&#8221;.<\/p>\n","protected":false},"featured_media":16160,"parent":0,"menu_order":0,"comment_status":"closed","ping_status":"closed","template":"","format":"standard","_links":{"self":[{"href":"https:\/\/museuflorestal.ambiente.sp.gov.br\/acervo\/wp-json\/wp\/v2\/tnc_col_329_item\/16159"}],"collection":[{"href":"https:\/\/museuflorestal.ambiente.sp.gov.br\/acervo\/wp-json\/wp\/v2\/tnc_col_329_item"}],"about":[{"href":"https:\/\/museuflorestal.ambiente.sp.gov.br\/acervo\/wp-json\/wp\/v2\/types\/tnc_col_329_item"}],"replies":[{"embeddable":true,"href":"https:\/\/museuflorestal.ambiente.sp.gov.br\/acervo\/wp-json\/wp\/v2\/comments?post=16159"}],"version-history":[{"count":0,"href":"https:\/\/museuflorestal.ambiente.sp.gov.br\/acervo\/wp-json\/wp\/v2\/tnc_col_329_item\/16159\/revisions"}],"wp:featuredmedia":[{"embeddable":true,"href":"https:\/\/museuflorestal.ambiente.sp.gov.br\/acervo\/wp-json\/wp\/v2\/media\/16160"}],"wp:attachment":[{"href":"https:\/\/museuflorestal.ambiente.sp.gov.br\/acervo\/wp-json\/wp\/v2\/media?parent=16159"}],"curies":[{"name":"wp","href":"https:\/\/api.w.org\/{rel}","templated":true}]}}

Taco desenhado nº 171

<p>Taco retangular de madeira. Em uma das faces, fundo branco com desenho feito em grafite de máquina de datilografia. No canto inferior esquerdo há a assinatura &#8220;Cláudio&#8221;. No verso há as inscrições &#8220;171&#8221; e &#8220;11-2-43&#8221;.</p>
