{"id":16440,"date":"2021-11-30T23:32:16","date_gmt":"2021-12-01T01:32:16","guid":{"rendered":"https:\/\/museuflorestal.ambiente.sp.gov.br\/acervo\/?post_type=tnc_col_329_item&#038;p=16440"},"modified":"2021-11-30T23:32:16","modified_gmt":"2021-12-01T01:32:16","slug":"matriz-de-xilogravura-no-005","status":"publish","type":"tnc_col_329_item","link":"https:\/\/museuflorestal.ambiente.sp.gov.br\/acervo\/museu-florestal-octavio-vecchi\/matriz-de-xilogravura-no-005\/","title":{"rendered":"Matriz de xilogravura n\u00ba 005"},"content":{"rendered":"<p>Taco de madeira com grava\u00e7\u00e3o de flor com seis folhas. No verso h\u00e1 a inscri\u00e7\u00e3o &#8220;005&#8221;, a assinatura a l\u00e1pis &#8220;L. Fernandes&#8221;, e etiqueta com a inscri\u00e7\u00e3o a l\u00e1pis &#8220;30&#8221;. Na lateral h\u00e1 a inscri\u00e7\u00e3o &#8220;005&#8221;.<\/p>\n","protected":false},"featured_media":16441,"parent":0,"menu_order":0,"comment_status":"closed","ping_status":"closed","template":"","format":"standard","_links":{"self":[{"href":"https:\/\/museuflorestal.ambiente.sp.gov.br\/acervo\/wp-json\/wp\/v2\/tnc_col_329_item\/16440"}],"collection":[{"href":"https:\/\/museuflorestal.ambiente.sp.gov.br\/acervo\/wp-json\/wp\/v2\/tnc_col_329_item"}],"about":[{"href":"https:\/\/museuflorestal.ambiente.sp.gov.br\/acervo\/wp-json\/wp\/v2\/types\/tnc_col_329_item"}],"replies":[{"embeddable":true,"href":"https:\/\/museuflorestal.ambiente.sp.gov.br\/acervo\/wp-json\/wp\/v2\/comments?post=16440"}],"version-history":[{"count":0,"href":"https:\/\/museuflorestal.ambiente.sp.gov.br\/acervo\/wp-json\/wp\/v2\/tnc_col_329_item\/16440\/revisions"}],"wp:featuredmedia":[{"embeddable":true,"href":"https:\/\/museuflorestal.ambiente.sp.gov.br\/acervo\/wp-json\/wp\/v2\/media\/16441"}],"wp:attachment":[{"href":"https:\/\/museuflorestal.ambiente.sp.gov.br\/acervo\/wp-json\/wp\/v2\/media?parent=16440"}],"curies":[{"name":"wp","href":"https:\/\/api.w.org\/{rel}","templated":true}]}}

Matriz de xilogravura nº 005

<p>Taco de madeira com gravação de flor com seis folhas. No verso há a inscrição &#8220;005&#8221;, a assinatura a lápis &#8220;L. Fernandes&#8221;, e etiqueta com a inscrição a lápis &#8220;30&#8221;. Na lateral há a inscrição &#8220;005&#8221;.</p>
