{"id":16477,"date":"2021-11-30T23:33:01","date_gmt":"2021-12-01T01:33:01","guid":{"rendered":"https:\/\/museuflorestal.ambiente.sp.gov.br\/acervo\/?post_type=tnc_col_329_item&#038;p=16477"},"modified":"2021-11-30T23:33:04","modified_gmt":"2021-12-01T01:33:04","slug":"matriz-de-xilogravura-no-011","status":"publish","type":"tnc_col_329_item","link":"https:\/\/museuflorestal.ambiente.sp.gov.br\/acervo\/museu-florestal-octavio-vecchi\/matriz-de-xilogravura-no-011\/","title":{"rendered":"Matriz de xilogravura n\u00ba 011"},"content":{"rendered":"<p>Taco de madeira com grava\u00e7\u00e3o de paisagem com uma raposa ca\u00e7ando um coelho, e um p\u00e1ssaro em um galho. No verso h\u00e1 a inscri\u00e7\u00e3o &#8220;011&#8221; \u00e0 tinta, &#8220;W. M. &#8221; a l\u00e1pis e etiqueta com a inscri\u00e7\u00e3o &#8220;011a&#8221;. Na lateral h\u00e1 a inscri\u00e7\u00e3o &#8220;MF&#8221;.<\/p>\n","protected":false},"featured_media":16478,"parent":0,"menu_order":0,"comment_status":"closed","ping_status":"closed","template":"","format":"standard","_links":{"self":[{"href":"https:\/\/museuflorestal.ambiente.sp.gov.br\/acervo\/wp-json\/wp\/v2\/tnc_col_329_item\/16477"}],"collection":[{"href":"https:\/\/museuflorestal.ambiente.sp.gov.br\/acervo\/wp-json\/wp\/v2\/tnc_col_329_item"}],"about":[{"href":"https:\/\/museuflorestal.ambiente.sp.gov.br\/acervo\/wp-json\/wp\/v2\/types\/tnc_col_329_item"}],"replies":[{"embeddable":true,"href":"https:\/\/museuflorestal.ambiente.sp.gov.br\/acervo\/wp-json\/wp\/v2\/comments?post=16477"}],"version-history":[{"count":0,"href":"https:\/\/museuflorestal.ambiente.sp.gov.br\/acervo\/wp-json\/wp\/v2\/tnc_col_329_item\/16477\/revisions"}],"wp:featuredmedia":[{"embeddable":true,"href":"https:\/\/museuflorestal.ambiente.sp.gov.br\/acervo\/wp-json\/wp\/v2\/media\/16478"}],"wp:attachment":[{"href":"https:\/\/museuflorestal.ambiente.sp.gov.br\/acervo\/wp-json\/wp\/v2\/media?parent=16477"}],"curies":[{"name":"wp","href":"https:\/\/api.w.org\/{rel}","templated":true}]}}

Matriz de xilogravura nº 011

<p>Taco de madeira com gravação de paisagem com uma raposa caçando um coelho, e um pássaro em um galho. No verso há a inscrição &#8220;011&#8221; à tinta, &#8220;W. M. &#8221; a lápis e etiqueta com a inscrição &#8220;011a&#8221;. Na lateral há a inscrição &#8220;MF&#8221;.</p>
