{"id":16495,"date":"2021-11-30T23:33:22","date_gmt":"2021-12-01T01:33:22","guid":{"rendered":"https:\/\/museuflorestal.ambiente.sp.gov.br\/acervo\/?post_type=tnc_col_329_item&#038;p=16495"},"modified":"2021-11-30T23:33:25","modified_gmt":"2021-12-01T01:33:25","slug":"matriz-de-xilogravura-no-014","status":"publish","type":"tnc_col_329_item","link":"https:\/\/museuflorestal.ambiente.sp.gov.br\/acervo\/museu-florestal-octavio-vecchi\/matriz-de-xilogravura-no-014\/","title":{"rendered":"Matriz de xilogravura n\u00ba 014"},"content":{"rendered":"<p>Taco de madeira com grava\u00e7\u00e3o de 2 cavalos com arreios. No verso h\u00e1 a inscri\u00e7\u00e3o \u00e0 tinta &#8221; 014&#8243; e &#8220;W. M. &#8221; a l\u00e1pis. Na lateral h\u00e1 a inscri\u00e7\u00e3o &#8220;MF&#8221;.<\/p>\n","protected":false},"featured_media":16496,"parent":0,"menu_order":0,"comment_status":"closed","ping_status":"closed","template":"","format":"standard","_links":{"self":[{"href":"https:\/\/museuflorestal.ambiente.sp.gov.br\/acervo\/wp-json\/wp\/v2\/tnc_col_329_item\/16495"}],"collection":[{"href":"https:\/\/museuflorestal.ambiente.sp.gov.br\/acervo\/wp-json\/wp\/v2\/tnc_col_329_item"}],"about":[{"href":"https:\/\/museuflorestal.ambiente.sp.gov.br\/acervo\/wp-json\/wp\/v2\/types\/tnc_col_329_item"}],"replies":[{"embeddable":true,"href":"https:\/\/museuflorestal.ambiente.sp.gov.br\/acervo\/wp-json\/wp\/v2\/comments?post=16495"}],"version-history":[{"count":0,"href":"https:\/\/museuflorestal.ambiente.sp.gov.br\/acervo\/wp-json\/wp\/v2\/tnc_col_329_item\/16495\/revisions"}],"wp:featuredmedia":[{"embeddable":true,"href":"https:\/\/museuflorestal.ambiente.sp.gov.br\/acervo\/wp-json\/wp\/v2\/media\/16496"}],"wp:attachment":[{"href":"https:\/\/museuflorestal.ambiente.sp.gov.br\/acervo\/wp-json\/wp\/v2\/media?parent=16495"}],"curies":[{"name":"wp","href":"https:\/\/api.w.org\/{rel}","templated":true}]}}

Matriz de xilogravura nº 014

<p>Taco de madeira com gravação de 2 cavalos com arreios. No verso há a inscrição à tinta &#8221; 014&#8243; e &#8220;W. M. &#8221; a lápis. Na lateral há a inscrição &#8220;MF&#8221;.</p>
