{"id":16519,"date":"2021-11-30T23:34:04","date_gmt":"2021-12-01T01:34:04","guid":{"rendered":"https:\/\/museuflorestal.ambiente.sp.gov.br\/acervo\/?post_type=tnc_col_329_item&#038;p=16519"},"modified":"2021-11-30T23:34:06","modified_gmt":"2021-12-01T01:34:06","slug":"matriz-de-xilogravura-no-020","status":"publish","type":"tnc_col_329_item","link":"https:\/\/museuflorestal.ambiente.sp.gov.br\/acervo\/museu-florestal-octavio-vecchi\/matriz-de-xilogravura-no-020\/","title":{"rendered":"Matriz de xilogravura n\u00ba 020"},"content":{"rendered":"<p>Taco de madeira com grava\u00e7\u00e3o de logotipo com a inscri\u00e7\u00e3o &#8220;Gomalina Excelsior para assentar o cabello, Producto vegetal n\u00e3o gorduroso&#8221;. No verso h\u00e1 a inscri\u00e7\u00e3o &#8220;20&#8221; \u00e0 tinta, etiqueta &#8220;20&#8221; e a inscri\u00e7\u00e3o a l\u00e1pis &#8220;A. Kohler&#8221;.<\/p>\n","protected":false},"featured_media":16520,"parent":0,"menu_order":0,"comment_status":"closed","ping_status":"closed","template":"","format":"standard","_links":{"self":[{"href":"https:\/\/museuflorestal.ambiente.sp.gov.br\/acervo\/wp-json\/wp\/v2\/tnc_col_329_item\/16519"}],"collection":[{"href":"https:\/\/museuflorestal.ambiente.sp.gov.br\/acervo\/wp-json\/wp\/v2\/tnc_col_329_item"}],"about":[{"href":"https:\/\/museuflorestal.ambiente.sp.gov.br\/acervo\/wp-json\/wp\/v2\/types\/tnc_col_329_item"}],"replies":[{"embeddable":true,"href":"https:\/\/museuflorestal.ambiente.sp.gov.br\/acervo\/wp-json\/wp\/v2\/comments?post=16519"}],"version-history":[{"count":0,"href":"https:\/\/museuflorestal.ambiente.sp.gov.br\/acervo\/wp-json\/wp\/v2\/tnc_col_329_item\/16519\/revisions"}],"wp:featuredmedia":[{"embeddable":true,"href":"https:\/\/museuflorestal.ambiente.sp.gov.br\/acervo\/wp-json\/wp\/v2\/media\/16520"}],"wp:attachment":[{"href":"https:\/\/museuflorestal.ambiente.sp.gov.br\/acervo\/wp-json\/wp\/v2\/media?parent=16519"}],"curies":[{"name":"wp","href":"https:\/\/api.w.org\/{rel}","templated":true}]}}

Matriz de xilogravura nº 020

<p>Taco de madeira com gravação de logotipo com a inscrição &#8220;Gomalina Excelsior para assentar o cabello, Producto vegetal não gorduroso&#8221;. No verso há a inscrição &#8220;20&#8221; à tinta, etiqueta &#8220;20&#8221; e a inscrição a lápis &#8220;A. Kohler&#8221;.</p>
