{"id":16533,"date":"2021-11-30T23:34:27","date_gmt":"2021-12-01T01:34:27","guid":{"rendered":"https:\/\/museuflorestal.ambiente.sp.gov.br\/acervo\/?post_type=tnc_col_329_item&#038;p=16533"},"modified":"2021-11-30T23:34:30","modified_gmt":"2021-12-01T01:34:30","slug":"matriz-de-xilogravura-no-024","status":"publish","type":"tnc_col_329_item","link":"https:\/\/museuflorestal.ambiente.sp.gov.br\/acervo\/museu-florestal-octavio-vecchi\/matriz-de-xilogravura-no-024\/","title":{"rendered":"Matriz de xilogravura n\u00ba 024"},"content":{"rendered":"<p>Taco de madeira com grava\u00e7\u00e3o de paisagem com chal\u00e9 e \u00e1rvore. No verso h\u00e1 a inscri\u00e7\u00e3o &#8220;024&#8221;. Na lateral, &#8220;MF&#8221;.<\/p>\n","protected":false},"featured_media":16534,"parent":0,"menu_order":0,"comment_status":"closed","ping_status":"closed","template":"","format":"standard","_links":{"self":[{"href":"https:\/\/museuflorestal.ambiente.sp.gov.br\/acervo\/wp-json\/wp\/v2\/tnc_col_329_item\/16533"}],"collection":[{"href":"https:\/\/museuflorestal.ambiente.sp.gov.br\/acervo\/wp-json\/wp\/v2\/tnc_col_329_item"}],"about":[{"href":"https:\/\/museuflorestal.ambiente.sp.gov.br\/acervo\/wp-json\/wp\/v2\/types\/tnc_col_329_item"}],"replies":[{"embeddable":true,"href":"https:\/\/museuflorestal.ambiente.sp.gov.br\/acervo\/wp-json\/wp\/v2\/comments?post=16533"}],"version-history":[{"count":0,"href":"https:\/\/museuflorestal.ambiente.sp.gov.br\/acervo\/wp-json\/wp\/v2\/tnc_col_329_item\/16533\/revisions"}],"wp:featuredmedia":[{"embeddable":true,"href":"https:\/\/museuflorestal.ambiente.sp.gov.br\/acervo\/wp-json\/wp\/v2\/media\/16534"}],"wp:attachment":[{"href":"https:\/\/museuflorestal.ambiente.sp.gov.br\/acervo\/wp-json\/wp\/v2\/media?parent=16533"}],"curies":[{"name":"wp","href":"https:\/\/api.w.org\/{rel}","templated":true}]}}

Matriz de xilogravura nº 024

<p>Taco de madeira com gravação de paisagem com chalé e árvore. No verso há a inscrição &#8220;024&#8221;. Na lateral, &#8220;MF&#8221;.</p>
