{"id":16590,"date":"2021-11-30T23:36:11","date_gmt":"2021-12-01T01:36:11","guid":{"rendered":"https:\/\/museuflorestal.ambiente.sp.gov.br\/acervo\/?post_type=tnc_col_329_item&#038;p=16590"},"modified":"2021-11-30T23:36:13","modified_gmt":"2021-12-01T01:36:13","slug":"matriz-de-xilogravura-no-035","status":"publish","type":"tnc_col_329_item","link":"https:\/\/museuflorestal.ambiente.sp.gov.br\/acervo\/museu-florestal-octavio-vecchi\/matriz-de-xilogravura-no-035\/","title":{"rendered":"Matriz de xilogravura n\u00ba 035"},"content":{"rendered":"<p>Taco de madeira com grava\u00e7\u00e3o de paisagem do Horto com pr\u00e9dio do Museu Florestal ao fundo. No verso h\u00e1 as inscri\u00e7\u00f5es &#8220;035&#8221; e &#8220;Waldemar Moll&#8221; a l\u00e1pis. Na lateral h\u00e1 a inscri\u00e7\u00e3o &#8220;MF035&#8221;.<\/p>\n","protected":false},"featured_media":16591,"parent":0,"menu_order":0,"comment_status":"closed","ping_status":"closed","template":"","format":"standard","_links":{"self":[{"href":"https:\/\/museuflorestal.ambiente.sp.gov.br\/acervo\/wp-json\/wp\/v2\/tnc_col_329_item\/16590"}],"collection":[{"href":"https:\/\/museuflorestal.ambiente.sp.gov.br\/acervo\/wp-json\/wp\/v2\/tnc_col_329_item"}],"about":[{"href":"https:\/\/museuflorestal.ambiente.sp.gov.br\/acervo\/wp-json\/wp\/v2\/types\/tnc_col_329_item"}],"replies":[{"embeddable":true,"href":"https:\/\/museuflorestal.ambiente.sp.gov.br\/acervo\/wp-json\/wp\/v2\/comments?post=16590"}],"version-history":[{"count":0,"href":"https:\/\/museuflorestal.ambiente.sp.gov.br\/acervo\/wp-json\/wp\/v2\/tnc_col_329_item\/16590\/revisions"}],"wp:featuredmedia":[{"embeddable":true,"href":"https:\/\/museuflorestal.ambiente.sp.gov.br\/acervo\/wp-json\/wp\/v2\/media\/16591"}],"wp:attachment":[{"href":"https:\/\/museuflorestal.ambiente.sp.gov.br\/acervo\/wp-json\/wp\/v2\/media?parent=16590"}],"curies":[{"name":"wp","href":"https:\/\/api.w.org\/{rel}","templated":true}]}}

Matriz de xilogravura nº 035

<p>Taco de madeira com gravação de paisagem do Horto com prédio do Museu Florestal ao fundo. No verso há as inscrições &#8220;035&#8221; e &#8220;Waldemar Moll&#8221; a lápis. Na lateral há a inscrição &#8220;MF035&#8221;.</p>
