{"id":16614,"date":"2021-11-30T23:36:53","date_gmt":"2021-12-01T01:36:53","guid":{"rendered":"https:\/\/museuflorestal.ambiente.sp.gov.br\/acervo\/?post_type=tnc_col_329_item&#038;p=16614"},"modified":"2021-11-30T23:36:56","modified_gmt":"2021-12-01T01:36:56","slug":"matriz-de-xilogravura-no-041","status":"publish","type":"tnc_col_329_item","link":"https:\/\/museuflorestal.ambiente.sp.gov.br\/acervo\/museu-florestal-octavio-vecchi\/matriz-de-xilogravura-no-041\/","title":{"rendered":"Matriz de xilogravura n\u00ba 041"},"content":{"rendered":"<p>Taco de madeira com grava\u00e7\u00e3o de paisagem do Rio de Janeiro, com sol refletindo na \u00e1gua. No canto inferior direito, h\u00e1 a inscri\u00e7\u00e3o espelhada &#8220;Rio&#8221;. No canto inferior esquerdo, a inscri\u00e7\u00e3o espelhada &#8220;EP&#8221;. No verso h\u00e1 a inscri\u00e7\u00e3o &#8220;041&#8221;, e &#8220;MF&#8221; na lateral.<\/p>\n","protected":false},"featured_media":16615,"parent":0,"menu_order":0,"comment_status":"closed","ping_status":"closed","template":"","format":"standard","_links":{"self":[{"href":"https:\/\/museuflorestal.ambiente.sp.gov.br\/acervo\/wp-json\/wp\/v2\/tnc_col_329_item\/16614"}],"collection":[{"href":"https:\/\/museuflorestal.ambiente.sp.gov.br\/acervo\/wp-json\/wp\/v2\/tnc_col_329_item"}],"about":[{"href":"https:\/\/museuflorestal.ambiente.sp.gov.br\/acervo\/wp-json\/wp\/v2\/types\/tnc_col_329_item"}],"replies":[{"embeddable":true,"href":"https:\/\/museuflorestal.ambiente.sp.gov.br\/acervo\/wp-json\/wp\/v2\/comments?post=16614"}],"version-history":[{"count":0,"href":"https:\/\/museuflorestal.ambiente.sp.gov.br\/acervo\/wp-json\/wp\/v2\/tnc_col_329_item\/16614\/revisions"}],"wp:featuredmedia":[{"embeddable":true,"href":"https:\/\/museuflorestal.ambiente.sp.gov.br\/acervo\/wp-json\/wp\/v2\/media\/16615"}],"wp:attachment":[{"href":"https:\/\/museuflorestal.ambiente.sp.gov.br\/acervo\/wp-json\/wp\/v2\/media?parent=16614"}],"curies":[{"name":"wp","href":"https:\/\/api.w.org\/{rel}","templated":true}]}}

Matriz de xilogravura nº 041

<p>Taco de madeira com gravação de paisagem do Rio de Janeiro, com sol refletindo na água. No canto inferior direito, há a inscrição espelhada &#8220;Rio&#8221;. No canto inferior esquerdo, a inscrição espelhada &#8220;EP&#8221;. No verso há a inscrição &#8220;041&#8221;, e &#8220;MF&#8221; na lateral.</p>
